-- Table structure for table `search_total`
--

CREATE TABLE `search_total` (
  `word` varchar(50) NOT NULL DEFAULT '' COMMENT 'Primary Key: Unique word in the search index.',
  `count` float DEFAULT NULL COMMENT 'The count of the word in the index using Zipf''s law to equalize the probability distribution.'
) ENGINE=InnoDB DEFAULT CHARSET=utf8mb4 COLLATE=utf8mb4_general_ci COMMENT='Stores search totals for words.';

--
-- Dumping data for table `search_total`
--

INSERT INTO `search_total` (`word`, `count`) VALUES
('1', 0.00350072),
('10', 0.0851519),
('100', 0.083745),
('10272016', 0.09691),
('1059', 0.30103),
('108900', 0.30103),
('11', 0.30103),
('1112018', 0.0669468),
('11142016', 0.176091),
('1123', 0.30103),
('1125', 0.176091),
('1127', 0.30103),
('11292016', 0.30103),
('1172017', 0.30103),
('119', 0.30103),
('1192018', 0.0669468),
('119300', 0.30103),
('12', 0.30103),
('1200', 0.0300678),
('12012016', 0.176091),
('12022016', 0.30103),
('1213', 0.30103),
('1217', 0.30103),
('12222017', 0.0669468),
('1231', 0.30103),
('1254', 0.30103),
('1256', 0.30103),
('1259', 0.30103),
('13', 0.176091),
('1301', 0.30103),
('1302', 0.30103),
('1305', 0.30103),
('1308', 0.30103),
('1312', 0.30103),
('1317', 0.30103),
('132', 0.30103),
('1320', 0.30103),
('1326', 0.30103),
('1353', 0.30103),
('14', 0.30103),
('1412', 0.30103),
('1427', 0.30103),
('1443', 0.30103),
('1448', 0.30103),
('1501', 0.30103),
('1502', 0.30103),
('1503', 0.30103),
('1505', 0.30103),
('1506', 0.30103),
('154', 0.30103),
('1599', 0.30103),
('1600', 0.09691),
('1705', 0.30103),
('1726', 0.30103),
('1727', 0.30103),
('1728', 0.176091),
('1729', 0.176091),
('1744', 0.30103),
('1746', 0.30103),
('1747', 0.176091),
('1748', 0.30103),
('1750', 0.30103),
('1751', 0.30103),
('1752', 0.30103),
('1757', 0.30103),
('18', 0.30103),
('181', 0.30103),
('1818', 0.30103),
('1822', 0.30103),
('1825', 0.30103),
('1826', 0.30103),
('1828', 0.30103),
('1829', 0.30103),
('183', 0.30103),
('1833', 0.30103),
('18900', 0.30103),
('19', 0.30103),
('1930', 0.30103),
('1943', 0.30103),
('1945', 0.30103),
('1958', 0.30103),
('199', 0.30103),
('2', 0.0018601),
('20', 0.0579788),
('200', 0.30103),
('2000', 0.30103),
('2002', 0.30103),
('2004', 0.30103),
('2027', 0.30103),
('2045', 0.30103),
('2049', 0.30103),
('2050', 0.30103),
('2052', 0.30103),
('2053', 0.30103),
('2055', 0.30103),
('2072017', 0.30103),
('2092017', 0.30103),
('2117', 0.30103),
('2118', 0.30103),
('2128', 0.30103),
('2131', 0.30103),
('2133', 0.30103),
('2134', 0.30103),
('2135', 0.30103),
('2150', 0.30103),
('2152', 0.30103),
('2204', 0.30103),
('221', 0.0669468),
('2232018', 0.30103),
('2240', 0.30103),
('2244', 0.30103),
('2245', 0.30103),
('2247', 0.30103),
('2248', 0.30103),
('2249', 0.30103),
('2262018', 0.30103),
('23', 0.191925),
('235', 0.30103),
('24', 0.30103),
('27900', 0.30103),
('28', 0.30103),
('2900', 0.176091),
('299', 0.177487),
('3', 0.00272528),
('30', 0.30103),
('3022018', 0.124939),
('3082018', 0.124939),
('3152018', 0.124939),
('3182016', 0.30103),
('3222018', 0.30103),
('3312018', 0.176091),
('349', 0.30103),
('35', 0.282291),
('37', 0.30103),
('37900', 0.30103),
('3900', 0.30103),
('399', 0.30103),
('3b5897', 0.30103),
('4', 0.00755314),
('40', 0.0767755),
('400', 0.124939),
('42', 0.30103),
('4282018', 0.30103),
('453', 0.30103),
('45300', 0.30103),
('459', 0.30103),
('49', 0.30103),
('4900', 0.30103),
('4b842e', 0.30103),
('5', 0.0100309),
('5192018', 0.30103),
('5272018', 0.30103),
('58', 0.30103),
('599', 0.222943),
('6', 0.0333292),
('60', 0.115701),
('6012016', 0.30103),
('6032016', 0.30103),
('6072016', 0.0347621),
('6102016', 0.176091),
('6132016', 0.0511525),
('6142016', 0.30103),
('6162016', 0.176091),
('62000', 0.30103),
('68700', 0.30103),
('6t714i0qirrbifjsmv6fntm6ds', 0.30103),
('7', 0.0800286),
('7052017', 0.176091),
('78', 0.133758),
('8', 0.131502),
('80', 0.11601),
('800', 0.30103),
('800413', 0.30103),
('8242016', 0.30103),
('8262016', 0.30103),
('836', 0.30103),
('9', 0.124939),
('9022016', 0.30103),
('9262016', 0.0791812),
('94jv10llgutng208gpkrgfq38k', 0.30103),
('978', 0.30103),
('a112', 0.0669468),
('a13', 0.30103),
('a189', 0.30103),
('a658', 0.30103),
('abdullah', 0.00658743),
('about', 0.0157943),
('abstract', 0.00673338),
('accommodation', 0.00561804),
('accordion', 0.0197785),
('accordionexample1', 0.150694),
('accordionexample2', 0.154616),
('account', 0.0353431),
('accusamus', 0.0198317),
('accusantium', 0.0462087),
('achieve', 0.0248236),
('active', 0.122866),
('adaptive', 0.00357446),
('adipisci', 0.0370032),
('adipiscing', 0.0147707),
('adipisicing', 0.00622557),
('admin', 0.00501176),
('adult', 0.30103),
('advanced', 0.30103),
('aesthetic', 0.0474355),
('affiliation', 0.00607415),
('agendaday', 0.30103),
('agendaweek', 0.30103),
('ago', 0.0804364),
('aizasyane9yiaiu8vhgehpcgrvrdgwc2v2if0', 0.30103),
('album', 0.00267259),
('alias', 0.0182894),
('aliqua', 0.00944663),
('aliquam', 0.0224021),
('aliquet', 0.0457575),
('aliquid', 0.052109),
('aliquip', 0.0123029),
('all', 0.217855),
('alt', 0.124939),
('alternative', 0.00532883),
('amed', 0.00386042),
('amet', 0.00347559),
('and', 0.0148957),
('anderson', 0.0473163),
('android', 0.00575233),
('anim', 0.00811135),
('animi', 0.0511525),
('another', 0.205208),
('ante', 0.00653087),
('any', 0.30103),
('apartment', 0.30103),
('aperiam', 0.0522058),
('apple', 0.00575233),
('appropriately', 0.00663058),
('architecto', 0.0986004),
('arcu', 0.0672315),
('are', 0.176091),
('areas', 0.0299632),
('ariacontrols', 0.0503739),
('ariaexpanded', 0.108),
('arialabelledby', 0.108122),
('ariamultiselectable', 0.261802),
('ariavaluemax', 0.136699),
('ariavaluemin', 0.136645),
('ariavaluenow', 0.136592),
('art', 0.0118992),
('article', 0.00267259),
('asperiores', 0.0546675),
('aspernatur', 0.0575439),
('assistant', 0.30103),
('assumenda', 0.0182281),
('atque', 0.0178763),
('audio', 0.30103),
('augue', 0.0103413),
('aut', 0.0373795),
('aute', 0.00944474),
('autem', 0.0623639),
('available', 0.146567),
('awesome', 0.0255049),
('balance', 0.0377886),
('bars', 0.0450507),
('beatae', 0.0293907),
('becoming', 0.30103),
('been', 0.30103),
('beer', 0.024319),
('behance', 0.0347621),
('behne', 0.0157943),
('bekki', 0.0157943),
('bgdanger', 0.285606),
('bgdefault', 0.30103),
('bginfo', 0.284908),
('bgsuccess', 0.284673),
('bgwarning', 0.285373),
('biology', 0.30103),
('biomedics', 0.30103),
('bird', 0.043786),
('bitbucket', 0.00479888),
('black', 0.00657318),
('blanditiis', 0.111111),
('blockquote', 0.0263289),
('blocks', 0.0157943),
('bonanno', 0.0157943),
('book', 0.00655597),
('bordered', 0.01524),
('boxed', 0.0157943),
('brian', 0.0413927),
('brunch', 0.0242105),
('btc', 0.00479888),
('building', 0.0457575),
('butcher', 0.0473631),
('button', 0.00856225),
('buttons', 0.032982),
('buy', 0.00557481),
('bytes', 0.213065),
('calendar', 0.30103),
('card', 0.107284),
('cardbody', 0.108162),
('cardheader', 0.0569818),
('cardtitle', 0.107644),
('carlos', 0.0157943),
('category', 0.00562137),
('cell', 0.0871133),
('center', 0.30103),
('ceo', 0.09691),
('ceremony', 0.0137148),
('chair', 0.30103),
('charlotte', 0.0157943),
('check', 0.30103),
('chief', 0.30103),
('cillum', 0.0119793),
('class', 0.00147748),
('cliche', 0.046928),
('cobb', 0.011281),
('cocktail', 0.0193052),
('coffee', 0.0472289),
('collapse', 0.0572938),
('collapsed', 0.153578),
('collapsefive', 0.196303),
('collapsefour', 0.19554),
('collapsegroup', 0.191345),
('collapseone', 0.190411),
('collapsesix', 0.197065),
('collapsethree', 0.194008),
('collapsetwo', 0.193112),
('colmd3', 0.0347621),
('colmd4', 0.0413927),
('colmd6', 0.09691),
('colmd8', 0.09691),
('colmd9', 0.09691),
('color', 0.176091),
('commitment', 0.30103),
('committee', 0.30103),
('commodi', 0.0288137),
('commodo', 0.00677569),
('communicate', 0.00663058),
('communication', 0.30103),
('communications', 0.30103),
('company', 0.30103),
('compellingly', 0.0579919),
('competitive', 0.00102307),
('complete', 0.0376864),
('conclusion', 0.00812225),
('condimentum', 0.30103),
('conference', 0.0234811),
('configure', 0.0288164),
('congue', 0.146077),
('consectetuer', 0.0143383),
('consectetur', 0.00527882),
('consequat', 0.0126501),
('consequatur', 0.0210244),
('consequuntur', 0.109347),
('consetatur', 0.00386042),
('consultation', 0.0377886),
('continually', 0.00663058),
('convallis', 0.0107475),
('conveniently', 0.0115819),
('corporis', 0.0511525),
('corrupti', 0.037699),
('counselor', 0.30103),
('craft', 0.0243164),
('cred', 0.0473258),
('cruz', 0.0157943),
('css3', 0.00479888),
('cta', 0.0157943),
('culpa', 0.00765808),
('cum', 0.09691),
('cumque', 0.0240254),
('cupidatat', 0.00907231),
('cupiditate', 0.0227028),
('curriculum', 0.30103),
('cursus', 0.30103),
('dalton', 0.00528723),
('danger', 0.28158),
('dapibus', 0.0457575),
('dataoriginaltitle', 0.0299632),
('dataparent', 0.108081),
('dataplacement', 0.0299632),
('datatoggle', 0.0191864),
('debitis', 0.119492),
('dedicated', 0.0248236),
('default', 0.0344347),
('delectus', 0.0353326),
('denim', 0.0474266),
('deserunt', 0.0108298),
('designer', 0.30103),
('dickinson', 0.0157943),
('dicta', 0.101135),
('dignissimos', 0.0341258),
('director', 0.176091),
('distinctio', 0.0316395),
('div', 0.00252168),
('document', 0.30103),
('doe', 0.0791812),
('dolor', 0.00153913),
('dolore', 0.00510266),
('dolorem', 0.0228298),
('doloremque', 0.0522058),
('dolores', 0.30103),
('doloribus', 0.0321847),
('dolorison', 0.30103),
('dolorum', 0.0351322),
('donec', 0.00570515),
('download', 0.0288616),
('dribbble', 0.0347621),
('dropbox', 0.00479888),
('dropcaps', 0.0303433),
('dropdown', 0.035763),
('drupal', 0.30103),
('ducimus', 0.09691),
('dui', 0.00590886),
('duis', 0.00555559),
('dvd', 0.176091),
('each', 0.30103),
('eaque', 0.0231657),
('earum', 0.0382116),
('eenable', 0.00663058),
('effect', 0.0193052),
('egestas', 0.0100085),
('eget', 0.30103),
('either', 0.30103),
('eius', 0.0211013),
('eiusmod', 0.00726352),
('element', 0.30103),
('eligendi', 0.037438),
('elit', 0.0033965),
('enable', 0.0118992),
('engineer', 0.176091),
('enim', 0.00884827),
('enjoy', 0.0222764),
('ensure', 0.30103),
('enterprisewide', 0.00560388),
('entry', 0.00796893),
('eos', 0.0274878),
('eposter', 0.0476275),
('erat', 0.00637673),
('eros', 0.140679),
('error', 0.0939372),
('esse', 0.0106241),
('est', 0.00897933),
('eum', 0.0348865),
('eveniet', 0.0362343),
('event', 0.00296171),
('eventsources', 0.30103),
('excepteur', 0.0090748),
('excepturi', 0.0277399),
('exercitation', 0.0119902),
('exercitationem', 0.0559617),
('exists', 0.30103),
('expedita', 0.026047),
('expert', 0.30103),
('expertise', 0.00575233),
('explicabo', 0.0791812),
('extra', 0.0263289),
('extralarge', 0.176091),
('faandroid', 0.0791812),
('faapple', 0.0791812),
('fab', 0.00532883),
('fabitbucket', 0.0669468),
('fabtc', 0.0669468),
('facaretright', 0.176091),
('facebook', 0.00423705),
('facere', 0.0200249),
('facheck', 0.30103),
('facheckcircle', 0.30103),
('facilis', 0.0321847),
('facss3', 0.0669468),
('facustom', 0.30103),
('fade', 0.0864047),
('fadropbox', 0.0669468),
('fafacebook', 0.0669468),
('fafax', 0.30103),
('fagithub', 0.0791812),
('fahtml5', 0.0669468),
('falinux', 0.0669468),
('false', 0.153975),
('famapmarker', 0.30103),
('famaxcdn', 0.0669468),
('fames', 0.0156838),
('family', 0.30103),
('faphone', 0.30103),
('faplus', 0.30103),
('faq', 0.0157943),
('farmtotable', 0.0474087),
('faskype', 0.0669468),
('fasquare', 0.30103),
('fastar', 0.30103),
('fat', 0.30103),
('fatwitter', 0.0669468),
('faucibus', 0.176091),
('fawindows', 0.0669468),
('feature', 0.09691),
('feel', 0.0222764),
('fermentum', 0.30103),
('ffffff', 0.176091),
('fields', 0.017529),
('fieldset', 0.0327717),
('fifth', 0.00877392),
('file', 0.0242708),
('find', 0.0476275),
('first', 0.00208781),
('five', 0.00551444),
('following', 0.30103),
('font', 0.0255049),
('fontawesomecom', 0.0685596),
('food', 0.0471268),
('footer', 0.0157943),
('for', 0.00560744),
('foundation', 0.30103),
('founder', 0.09691),
('four', 0.00276419),
('fourth', 0.00179091),
('fourths', 0.00673338),
('free', 0.00782534),
('fri', 0.0188613),
('frictionless', 0.0115819),
('front', 0.0157943),
('fuga', 0.0520105),
('fugiat', 0.00895106),
('fugit', 0.0203065),
('full', 0.00796893),
('fullcalendar', 0.30103),
('fullcalendargoogle', 0.30103),
('fully', 0.00663058),
('function', 0.30103),
('functionalities', 0.0579919),
('gallery', 0.0157943),
('get', 0.0449571),
('github', 0.00575233),
('glass', 0.0157943),
('goalsetting', 0.30103),
('goes', 0.204341),
('gold', 0.00975984),
('google', 0.0321847),
('googlecalendarapikey', 0.30103),
('googlecalendarid', 0.176091),
('gorgeous', 0.0222764),
('great', 0.0248236),
('green', 0.00975984),
('grid', 0.00796893),
('groupcalendargooglecom', 0.176091),
('guide', 0.0157943),
('habitant', 0.0148197),
('half', 0.00673338),
('hall', 0.0457575),
('harness', 0.0115819),
('harum', 0.0511525),
('has', 0.30103),
('haven', 0.0474707),
('header', 0.00516936),
('heading', 0.00473375),
('headingfive', 0.268533),
('headingfour', 0.267562),
('headingone', 0.260939),
('headingsix', 0.2695),
('headingthree', 0.265615),
('headingtwo', 0.264145),
('heard', 0.0474793),
('helping', 0.0248236),
('helvetica', 0.0472683),
('henderson', 0.011281),
('here', 0.0693605),
('hic', 0.0372986),
('high', 0.0469739),
('home', 0.00721982),
('hoodie', 0.0157943),
('house', 0.30103),
('hover', 0.00399486),
('hovercolorbehance', 0.30103),
('hovercolordribbble', 0.30103),
('hovercolorfacebook', 0.30103),
('hovercolorgoogleplus', 0.30103),
('hovercolorinstagram', 0.30103),
('hovercolortwitter', 0.30103),
('hovercolorvimeo', 0.30103),
('hovercoloryoutube', 0.30103),
('hoverstyle2', 0.30103),
('href', 0.00421845),
('html5', 0.00479888),
('https', 0.00798937),
('icons', 0.00365362),
('iconslist', 0.0413927),
('illo', 0.0286985),
('illum', 0.0298073),
('images', 0.0263289),
('img', 0.124939),
('immediately', 0.30103),
('impedit', 0.0791812),
('imperatives', 0.00768683),
('incididunt', 0.0102733),
('incidunt', 0.0419354),
('info', 0.280153),
('information', 0.197045),
('inline', 0.30103),
('instagram', 0.0347621),
('instill', 0.30103),
('integer', 0.0280287),
('interface', 0.0377886),
('interfaces', 0.0118992),
('inventore', 0.0368983),
('investment', 0.0377886),
('investors', 0.00934003),
('ipsa', 0.0623734),
('ipsam', 0.0185345),
('ipsum', 0.00226017),
('irure', 0.0116638),
('iste', 0.0362729),
('itaque', 0.06187),
('item', 0.00881847),
('iure', 0.0331316),
('iusto', 0.0367897),
('jackson', 0.0457575),
('jacob', 0.30103),
('jermains', 0.30103),
('jockey', 0.0157943),
('john', 0.00755314),
('justine', 0.011281),
('keffiyeh', 0.0472585),
('keynote', 0.0193052),
('keys', 0.30103),
('king', 0.0413927),
('labore', 0.00682882),
('laboriosam', 0.0571461),
('laboris', 0.0120014),
('laborum', 0.00896434),
('lang', 0.00659828),
('large', 0.012965),
('larry', 0.30103),
('last', 0.30103),
('laudantium', 0.0343383),
('lavern', 0.0157943),
('leadership', 0.0579919),
('left', 0.30103),
('leggings', 0.0473906),
('libero', 0.00940422),
('life', 0.0469853),
('ligula', 0.30103),
('link', 0.00327771),
('linked', 0.0147233),
('links', 0.00921876),
('linux', 0.00479888),
('list', 0.0032034),
('lists', 0.0263289),
('listyear', 0.30103),
('little', 0.00565344),
('lomo', 0.0473815),
('longer', 0.30103),
('longsleeve', 0.0157943),
('look', 0.0222764),
('looking', 0.176091),
('lorem', 0.00244298),
('luctus', 0.30103),
('magna', 0.011649),
('magnam', 0.0982324),
('magni', 0.0316386),
('maiores', 0.0372132),
('makes', 0.30103),
('malesuada', 0.00769887),
('manager', 0.124939),
('marcus', 0.0157943),
('mark', 0.30103),
('mathias', 0.00564547),
('mattis', 0.140524),
('maxcdn', 0.00479888),
('maxime', 0.0594831),
('mcduffie', 0.0157943),
('mdo', 0.30103),
('medic', 0.30103),
('mega', 0.0157943),
('memembership', 0.30103),
('mentorship', 0.30103),
('menu', 0.0157943),
('message', 0.00730995),
('messages', 0.0090953),
('methods', 0.00717858),
('michelle', 0.0157943),
('minim', 0.0119576),
('minima', 0.0180279),
('minus', 0.0279291),
('modi', 0.115311),
('molestias', 0.0669468),
('mollit', 0.0120324),
('mollitia', 0.0298813),
('mon', 0.0263289),
('monitoring', 0.0377886),
('month', 0.30103),
('months', 0.0804364),
('moon', 0.0241935),
('morbi', 0.00734663),
('more', 0.0400977),
('mug', 0.0157943),
('nam', 0.0477835),
('name', 0.062355),
('natus', 0.0174105),
('nav', 0.121027),
('navigation', 0.0157943),
('navitem', 0.0853128),
('navlink', 0.0853999),
('navtabs', 0.156129),
('navtabsverticalcontainer', 0.30103),
('nec', 0.125437),
('necessitatibus', 0.018765),
('nesciunt', 0.0112486),
('netus', 0.125437),
('next', 0.30103),
('nibh', 0.0101172),
('nihil', 0.0472487),
('nikki', 0.0157943),
('nisi', 0.00894708),
('nobis', 0.117668),
('non', 0.00761553),
('nonprofit', 0.30103),
('nostrud', 0.0119846),
('nostrum', 0.0511525),
('now', 0.00304544),
('nulla', 0.00459957),
('nullam', 0.00636639),
('numquam', 0.0373696),
('nunc', 0.30103),
('obcaecati', 0.0302998),
('objective', 0.00717858),
('occaecat', 0.00908041),
('odio', 0.00477427),
('odit', 0.0511525),
('office', 0.30103),
('officer', 0.30103),
('officia', 0.00710897),
('officiis', 0.0545512),
('omnis', 0.0561584),
('one', 0.00066767),
('oneonone', 0.0377886),
('online', 0.0347621),
('opening', 0.0193052),
('opensource', 0.0118992),
('optio', 0.0141511),
('oral', 0.0464432),
('ordered', 0.0288336),
('orem', 0.30103),
('organization', 0.30103),
('ortiz', 0.0157943),
('otto', 0.30103),
('our', 0.00934003),
('out', 0.0477753),
('outline', 0.0543465),
('outofthebox', 0.0579919),
('outsourcing', 0.0115819),
('page', 0.0142622),
('panes', 0.218804),
('paragraph', 0.0286431),
('pariatur', 0.00593812),
('party', 0.0137148),
('pede', 0.142038),
('pellentesque', 0.125437),
('people', 0.0248236),
('perspiciatis', 0.0394148),
('pharetra', 0.0109954),
('phosfluorescently', 0.00663058),
('pieces', 0.09691),
('pint', 0.0157943),
('populated', 0.30103),
('porro', 0.0307968),
('possimus', 0.120755),
('poster', 0.0464432),
('posuere', 0.00563406),
('potentialities', 0.00768683),
('praesent', 0.30103),
('presentation', 0.00257902),
('president', 0.124939),
('pretium', 0.30103),
('prev', 0.30103),
('price', 0.30103),
('pricing', 0.0157943),
('printing', 0.30103),
('probably', 0.047462),
('product', 0.00357446),
('professionalism', 0.30103),
('profile', 0.0135968),
('program', 0.00520119),
('progress', 0.0336284),
('progressbar', 0.0539097),
('progressively', 0.0579919),
('progresstitle', 0.116451),
('proident', 0.00927013),
('prospective', 0.0118992),
('provident', 0.09691),
('purple', 0.0193052),
('put', 0.0471988),
('quae', 0.0309542),
('quaerat', 0.0228998),
('quality', 0.00663058),
('quam', 0.0559198),
('quantity', 0.30103),
('quas', 0.09691),
('quasi', 0.0292913),
('question', 0.00782534),
('qui', 0.00688468),
('quia', 0.0276328),
('quibusdam', 0.0269407),
('quickly', 0.0118992),
('quidem', 0.0406699),
('quinoa', 0.0471476),
('quis', 0.00759204),
('quisquam', 0.0791812),
('quisque', 0.0774494),
('quo', 0.0245087),
('quod', 0.0400113),
('quos', 0.101492),
('quote', 0.0377886),
('rather', 0.00436481),
('ratione', 0.0193513),
('raw', 0.0474177),
('ready', 0.176091),
('reallife', 0.30103),
('recaptiualize', 0.00560388),
('reconceptualize', 0.0579919),
('recusandae', 0.120857),
('red', 0.00975984),
('reiciendis', 0.0280709),
('rem', 0.049213),
('removed', 0.30103),
('repair', 0.30103),
('repellat', 0.102212),
('repellendus', 0.0170333),
('reply', 0.30103),
('reports', 0.0377886),
('reprehenderit', 0.00660232),
('repudiandae', 0.0391284),
('rerum', 0.0289307),
('research', 0.30103),
('responsive', 0.00796893),
('results', 0.00705113),
('reusable', 0.0157943),
('revolutionary', 0.0579919),
('richardson', 0.0470188),
('right', 0.30103),
('robbin', 0.0157943),
('robust', 0.0579919),
('role', 0.015306),
('room', 0.00320514),
('rotator', 0.0157943),
('row', 0.0228575),
('saepe', 0.0513184),
('salazar', 0.0157943),
('sample', 0.0850624),
('sapien', 0.30103),
('sapiente', 0.0219531),
('sat', 0.09691),
('screen', 0.0157943),
('second', 0.00503918),
('security', 0.177783),
('sed', 0.0035177),
('see', 0.30103),
('select', 0.0356516),
('selfmotivation', 0.30103),
('sem', 0.30103),
('semper', 0.141742),
('senectus', 0.0148197),
('senior', 0.30103),
('sequi', 0.0373492),
('server', 0.30103),
('service', 0.30103),
('session', 0.0122739),
('shoreditch', 0.0472388),
('shortcodes', 0.0157943),
('should', 0.30103),
('show', 0.13653),
('sign', 0.00357446),
('similique', 0.0589953),
('singleorigin', 0.0472189),
('sint', 0.00721892),
('sit', 0.00192987),
('six', 0.00796893),
('sixth', 0.011281),
('skateboard', 0.0471056),
('skills', 0.0579919),
('skype', 0.00479888),
('slideshow', 0.00400274),
('small', 0.0542431),
('smith', 0.00393029),
('social', 0.0169213),
('sociallinks', 0.176091),
('soluta', 0.056081),
('solution', 0.30103),
('something', 0.0942094),
('south', 0.0457575),
('span', 0.00242258),
('sponsor', 0.00115582),
('squid', 0.024201),
('src', 0.124939),
('sronly', 0.00502976),
('state', 0.0118992),
('status', 0.00755698),
('stevie', 0.0157943),
('stock', 0.0798617),
('strategic', 0.0054629),
('strong', 0.0454058),
('student', 0.30103),
('style', 0.00689755),
('style2', 0.30103),
('success', 0.0199072),
('such', 0.30103),
('sun', 0.30103),
('sunt', 0.00900687),
('suscipit', 0.0234275),
('suspendisse', 0.141139),
('sustainable', 0.0474966),
('synergistically', 0.0579919),
('synergy', 0.00663058),
('synth', 0.0474444),
('system', 0.30103),
('tab', 0.0294206),
('tabcontent', 0.219087),
('table', 0.0342409),
('tables', 0.0157943),
('tablist', 0.134253),
('tabpane', 0.086362),
('tabpanel', 0.0428435),
('tabs', 0.0143791),
('technologies', 0.000943094),
('technology', 0.0115819),
('tellus', 0.125437),
('tempor', 0.00851351),
('tempora', 0.0323292),
('tempore', 0.0330381),
('temporibus', 0.028211),
('tempus', 0.125437),
('tenetur', 0.039153),
('terry', 0.0068667),
('tested', 0.00663058),
('testimonial', 0.0193052),
('text', 0.00659828),
('textcenter', 0.30103),
('textcolor', 0.176091),
('thalia', 0.011281),
('than', 0.00436481),
('the', 0.0105528),
('theater', 0.30103),
('them', 0.047488),
('theme', 0.0299632),
('then', 0.30103),
('there', 0.30103),
('third', 0.00206316),
('thirds', 0.00673338),
('this', 0.00548504),
('thornton', 0.30103),
('three', 0.00202562),
('through', 0.176091),
('thu', 0.0193052),
('tincidunt', 0.176091),
('title', 0.0280287),
('today', 0.30103),
('together', 0.045106),
('tooltip', 0.01524),
('tooltips', 0.0263289),
('top', 0.0299632),
('topic', 0.00703508),
('topline', 0.0579919),
('total', 0.30103),
('totam', 0.0344963),
('transfer', 0.0157943),
('transform', 0.00663058),
('transition', 0.0579919),
('trial', 0.00782534),
('triggericon', 0.107368),
('tristique', 0.00787788),
('truck', 0.0471372),
('true', 0.151396),
('tshirt', 0.00796893),
('tue', 0.0263289),
('turpis', 0.0143339),
('twitter', 0.00420765),
('twittercom', 0.0347621),
('two', 0.00142831),
('type', 0.00320514),
('typography', 0.0579919),
('ullam', 0.0289628),
('ullamco', 0.0119958),
('ultricies', 0.0109954),
('unde', 0.0565417),
('unique', 0.30103),
('unordered', 0.0254029),
('update', 0.178664),
('updated', 0.30103),
('updates', 0.30103),
('urna', 0.141291),
('usercentric', 0.0579919),
('username', 0.30103),
('valueadded', 0.00768683),
('vectors', 0.00663058),
('vegan', 0.0473445),
('vehicula', 0.00635799),
('vel', 0.0382476),
('velit', 0.0074935),
('venenatis', 0.0263289),
('veniam', 0.00781655),
('veritatis', 0.0338251),
('vero', 0.0355043),
('versace', 0.0157943),
('version', 0.30103),
('vertical', 0.0323113),
('verticaltab1', 0.159009),
('verticaltab2', 0.159289),
('verticaltab3', 0.159569),
('vhs', 0.0475051),
('via', 0.0579919),
('vice', 0.0388828),
('video', 0.0157943),
('view', 0.0511525),
('views', 0.00802925),
('vimeo', 0.0347621),
('vitae', 0.00895484),
('viverra', 0.141442),
('voluptas', 0.0266548),
('voluptate', 0.00930394),
('voluptatem', 0.09691),
('voluptates', 0.0352442),
('voluptatibus', 0.0254873),
('voluptatum', 0.0353403),
('volutpat', 0.140368),
('warning', 0.119974),
('was', 0.30103),
('waylon', 0.00527331),
('web', 0.30103),
('webreadiness', 0.00560388),
('wed', 0.103595),
('weekly', 0.0377886),
('well', 0.148112),
('wes', 0.0473068),
('west', 0.0457575),
('whereas', 0.0118992),
('whooops', 0.0157943),
('width', 0.00731789),
('windows', 0.00479888),
('with', 0.000870135),
('wolf', 0.0241906),
('workshop', 0.0464432),
('worldwide', 0.0248236),
('wwwfacebookcom', 0.0347621),
('wwwlinkedincom', 0.0347621),
('wwwyoutubecom', 0.30103),
('years', 0.0803819),
('yellow', 0.0377886),
('you', 0.0358117),
('young', 0.0234811),
('your', 0.125881),
('youtube', 0.0347621),
('youtubecom', 0.0377886),
('zonder', 0.0157943);

-- --------------------------------------------------------

--
-- Table structure for table `semaphore`
--

CREATE TABLE `semaphore` (
  `name` varchar(255) CHARACTER SET ascii COLLATE ascii_general_ci NOT NULL DEFAULT '' COMMENT 'Primary Key: Unique name.',
  `value` varchar(255) CHARACTER SET ascii COLLATE ascii_general_ci NOT NULL DEFAULT '' COMMENT 'A value for the semaphore.',
  `expire` double NOT NULL COMMENT 'A Unix timestamp with microseconds indicating when the semaphore should expire.'
) ENGINE=InnoDB DEFAULT CHARSET=utf8mb4 COLLATE=utf8mb4_general_ci COMMENT='Table for holding semaphores, locks, flags, etc. that…';

-- --------------------------------------------------------

--
-- Table structure for table `sequences`
--

CREATE TABLE `sequences` (
  `value` int(10) UNSIGNED NOT NULL COMMENT 'The value of the sequence.'
) ENGINE=InnoDB DEFAULT CHARSET=utf8mb4 COLLATE=utf8mb4_general_ci COMMENT='Stores IDs.';

--
-- Dumping data for table `sequences`
--

INSERT INTO `sequences` (`value`) VALUES
(711);

-- --------------------------------------------------------

--
-- Table structure for table `sessions`
--

CREATE TABLE `sessions` (
  `uid` int(10) UNSIGNED NOT NULL COMMENT 'The users.uid corresponding to a session, or 0 for anonymous user.',
  `sid` varchar(128) CHARACTER SET ascii COLLATE ascii_general_ci NOT NULL COMMENT 'A session ID (hashed). The value is generated by Drupal''s session handlers.',
  `hostname` varchar(128) CHARACTER SET ascii COLLATE ascii_general_ci NOT NULL DEFAULT '' COMMENT 'The IP address that last used this session ID (sid).',
  `timestamp` int(11) NOT NULL DEFAULT 0 COMMENT 'The Unix timestamp when this session last requested a page. Old records are purged by PHP automatically.',
  `session` longblob DEFAULT NULL COMMENT 'The serialized contents of $_SESSION, an array of name/value pairs that persists across page requests by this session ID. Drupal loads $_SESSION from here at the start of each request and saves it at the end.'
) ENGINE=InnoDB DEFAULT CHARSET=utf8mb4 COLLATE=utf8mb4_general_ci COMMENT='Drupal''s session handlers read and write into the sessions…';

--
-- Dumping data for table `sessions`
--

INSERT INTO `sessions` (`uid`, `sid`, `hostname`, `timestamp`, `session`) VALUES
(1, 'pyEunac7pDNGeQ4uYs-QALxGURPHJza9OaSY4HHRfzo', '::1', 1681983679, 0x5f7366325f617474726962757465737c613a323a7b733a333a22756964223b733a313a2231223b733a31373a22757064617465735f72656d61696e696e67223b613a303a7b7d7d5f7366325f6d6574617c613a343a7b733a313a2275223b693a313638313938333638373b733a313a2263223b693a313638313831313532343b733a313a226c223b693a323030303030303b733a313a2273223b733a34333a22425f536c362d39304a4e7a36676b377a39686f4a4e534176325253702d71773373764d486c614846716b4d223b7d),
(1, 'TuxL4yBvMN1DUtNDXR0sTteebSIKzA1PzHhvHf8MqeY', '41.215.171.100', 1681653974, 0x5f7366325f617474726962757465737c613a323a7b733a333a22756964223b733a313a2231223b733a32303a22617574686f72697a655f706167655f7469746c65223b4f3a34383a2244727570616c5c436f72655c537472696e675472616e736c6174696f6e5c5472616e736c617461626c654d61726b7570223a333a7b733a393a22002a00737472696e67223b733a31343a22557064617465206d616e61676572223b733a31323a22002a00617267756d656e7473223b613a303a7b7d733a31303a22002a006f7074696f6e73223b613a303a7b7d7d7d5f7366325f6d6574617c613a343a7b733a313a2275223b693a313638313635333936323b733a313a2263223b693a313638313436353233333b733a313a226c223b733a373a2232303030303030223b733a313a2273223b733a34333a225973495f396f3645705f4b4e65345561794f36706249383164494747756a486856427153713637454e4a49223b7d757064617465735f72656d61696e696e677c613a303a7b7d5f73796d666f6e795f666c61736865737c613a313a7b733a363a22737461747573223b613a313a7b693a303b4f3a32353a2244727570616c5c436f72655c52656e6465725c4d61726b7570223a313a7b733a393a22002a00737472696e67223b733a39333a224f7065726174696e6720696e206d61696e74656e616e6365206d6f64652e203c6120687265663d222f61646d696e2f636f6e6669672f646576656c6f706d656e742f6d61696e74656e616e6365223e476f206f6e6c696e652e3c2f613e223b7d7d7d);

-- --------------------------------------------------------

--
-- Table structure for table `shortcut`
--

CREATE TABLE `shortcut` (
  `id` int(10) UNSIGNED NOT NULL,
  `shortcut_set` varchar(32) CHARACTER SET ascii COLLATE ascii_general_ci NOT NULL COMMENT 'The ID of the target entity.',
  `uuid` varchar(128) CHARACTER SET ascii COLLATE ascii_general_ci NOT NULL,
  `langcode` varchar(12) CHARACTER SET ascii COLLATE ascii_general_ci NOT NULL
) ENGINE=InnoDB DEFAULT CHARSET=utf8mb4 COLLATE=utf8mb4_general_ci COMMENT='The base table for shortcut entities.';

--
-- Dumping data for table `shortcut`
--

INSERT INTO `shortcut` (`id`, `shortcut_set`, `uuid`, `langcode`) VALUES
(2, 'default', '470fe853-cde5-47dd-ab0d-afa37c765bff', 'en');

-- --------------------------------------------------------

--
-- Table structure for table `shortcut_field_data`
--

CREATE TABLE `shortcut_field_data` (
  `id` int(10) UNSIGNED NOT NULL,
  `shortcut_set` varchar(32) CHARACTER SET ascii COLLATE ascii_general_ci NOT NULL COMMENT 'The ID of the target entity.',
  `langcode` varchar(12) CHARACTER SET ascii COLLATE ascii_general_ci NOT NULL,
  `title` varchar(255) DEFAULT NULL,
  `weight` int(11) DEFAULT NULL,
  `link__uri` varchar(2048) DEFAULT NULL COMMENT 'The URI of the link.',
  `link__title` varchar(255) DEFAULT NULL COMMENT 'The link text.',
  `link__options` longblob DEFAULT NULL COMMENT 'Serialized array of options for the link.',
  `default_langcode` tinyint(4) NOT NULL
) ENGINE=InnoDB DEFAULT CHARSET=utf8mb4 COLLATE=utf8mb4_general_ci COMMENT='The data table for shortcut entities.';

--
-- Dumping data for table `shortcut_field_data`
--

INSERT INTO `shortcut_field_data` (`id`, `shortcut_set`, `langcode`, `title`, `weight`, `link__uri`, `link__title`, `link__options`, `default_langcode`) VALUES
(2, 'default', 'en', 'All content', -19, 'internal:/admin/content', NULL, 0x613a303a7b7d, 1);

-- --------------------------------------------------------

--
-- Table structure for table `shortcut_set_users`
--

CREATE TABLE `shortcut_set_users` (
  `uid` int(10) UNSIGNED NOT NULL DEFAULT 0 COMMENT 'The users.uid for this set.',
  `set_name` varchar(32) CHARACTER SET ascii COLLATE ascii_general_ci NOT NULL DEFAULT '' COMMENT 'The shortcut_set.set_name that will be displayed for this user.'
) ENGINE=InnoDB DEFAULT CHARSET=utf8mb4 COLLATE=utf8mb4_general_ci COMMENT='Maps users to shortcut sets.';

-- --------------------------------------------------------

--
-- Table structure for table `taxonomy_index`
--

CREATE TABLE `taxonomy_index` (
  `nid` int(10) UNSIGNED NOT NULL DEFAULT 0 COMMENT 'The node.nid this record tracks.',
  `tid` int(10) UNSIGNED NOT NULL DEFAULT 0 COMMENT 'The term ID.',
  `status` int(11) NOT NULL DEFAULT 1 COMMENT 'Boolean indicating whether the node is published (visible to non-administrators).',
  `sticky` tinyint(4) DEFAULT 0 COMMENT 'Boolean indicating whether the node is sticky.',
  `created` int(11) NOT NULL DEFAULT 0 COMMENT 'The Unix timestamp when the node was created.'
) ENGINE=InnoDB DEFAULT CHARSET=utf8mb4 COLLATE=utf8mb4_general_ci COMMENT='Maintains denormalized information about node/term…';

--
-- Dumping data for table `taxonomy_index`
--

INSERT INTO `taxonomy_index` (`nid`, `tid`, `status`, `sticky`, `created`) VALUES
(6, 1, 1, 0, 1465321848),
(4, 2, 1, 0, 1465321524),
(5, 2, 1, 0, 1465321750),
(9, 2, 1, 1, 1465322101),
(8, 3, 1, 0, 1465322004),
(9, 3, 1, 1, 1465322101),
(7, 4, 1, 0, 1465321934),
(10, 9, 1, 0, 1465328432),
(12, 9, 1, 0, 1465328752),
(15, 9, 1, 0, 1465328961),
(20, 9, 1, 0, 1465831603),
(46, 10, 1, 0, 1458323138),
(10, 10, 1, 0, 1465328432),
(12, 10, 1, 0, 1465328752),
(13, 10, 1, 0, 1465328829),
(14, 10, 1, 0, 1465328881),
(23, 10, 1, 1, 1465831991),
(10, 11, 1, 0, 1465328432),
(22, 11, 1, 0, 1465831746),
(11, 12, 1, 0, 1465328655),
(13, 12, 1, 0, 1465328829),
(15, 12, 1, 0, 1465328961),
(21, 12, 1, 0, 1465831692),
(11, 13, 1, 0, 1465328655),
(14, 13, 1, 0, 1465328881),
(15, 13, 1, 0, 1465328961),
(18, 13, 1, 0, 1465831094),
(20, 45, 1, 0, 1465831603),
(21, 45, 1, 0, 1465831692),
(22, 45, 1, 0, 1465831746),
(23, 45, 1, 1, 1465831991),
(46, 46, 1, 0, 1458323138),
(19, 46, 1, 0, 1465831544),
(18, 47, 1, 0, 1465831094),
(20, 47, 1, 0, 1465831603),
(23, 47, 1, 1, 1465831991),
(18, 48, 1, 0, 1465831094),
(19, 48, 1, 0, 1465831544),
(21, 48, 1, 0, 1465831692),
(19, 52, 1, 0, 1465831544),
(69, 53, 1, 0, 1513947978),
(68, 54, 1, 0, 1513947902),
(67, 55, 1, 0, 1513947825),
(66, 56, 1, 0, 1513947739),
(65, 57, 1, 0, 1513947666),
(64, 58, 1, 0, 1513946890),
(85, 59, 1, 0, 1519659890),
(87, 59, 1, 0, 1519982826),
(88, 59, 1, 0, 1519985589),
(85, 60, 1, 0, 1519659890),
(86, 60, 1, 0, 1519982599),
(88, 60, 1, 0, 1519985589),
(87, 61, 1, 0, 1519982826),
(85, 65, 1, 0, 1519659890),
(88, 65, 1, 0, 1519985589),
(86, 66, 1, 0, 1519982599),
(87, 67, 1, 0, 1519982826),
(91, 69, 1, 0, 1520507552),
(89, 70, 1, 0, 1520507110),
(90, 71, 1, 0, 1520507297),
(84, 72, 1, 0, 1519400846),
(86, 73, 1, 0, 1519982599),
(87, 74, 1, 0, 1519982826),
(85, 75, 1, 0, 1519659890),
(88, 76, 1, 0, 1519985589),
(92, 77, 1, 0, 1521129152),
(93, 78, 1, 0, 1521129438),
(78, 79, 1, 0, 1516375683),
(81, 79, 1, 0, 1516375782),
(77, 80, 1, 0, 1516375646),
(80, 80, 1, 0, 1516375753),
(76, 81, 1, 0, 1516375571),
(79, 81, 1, 0, 1516375716);

-- --------------------------------------------------------

--
-- Table structure for table `taxonomy_term_data`
--

CREATE TABLE `taxonomy_term_data` (
  `tid` int(10) UNSIGNED NOT NULL,
  `revision_id` int(10) UNSIGNED DEFAULT NULL,
  `vid` varchar(32) CHARACTER SET ascii COLLATE ascii_general_ci NOT NULL COMMENT 'The ID of the target entity.',
  `uuid` varchar(128) CHARACTER SET ascii COLLATE ascii_general_ci NOT NULL,
  `langcode` varchar(12) CHARACTER SET ascii COLLATE ascii_general_ci NOT NULL
) ENGINE=InnoDB DEFAULT CHARSET=utf8mb4 COLLATE=utf8mb4_general_ci COMMENT='The base table for taxonomy_term entities.';

--
-- Dumping data for table `taxonomy_term_data`
--

INSERT INTO `taxonomy_term_data` (`tid`, `revision_id`, `vid`, `uuid`, `langcode`) VALUES
(1, 1, 'mt_service_tags', '3dfe0579-10d1-4032-bdaf-d82ba4a3fc3e', 'en'),
(2, 2, 'mt_service_tags', '6e5870ce-2848-4d1b-b084-cfedf1fb81c0', 'en'),
(3, 3, 'mt_service_tags', '56f4cb3e-964e-4398-b2a8-150b66be77a2', 'en'),
(4, 4, 'mt_service_tags', '011ff77d-0dd2-4eb2-87cb-33f9fcba12e4', 'en'),
(9, 9, 'tags', '6c73c62e-49e4-45cc-93de-45835e851761', 'en'),
(10, 10, 'tags', '43ffe258-c96e-4f55-9089-eed6971ec743', 'en'),
(11, 11, 'tags', '6395bc3b-1234-4bd1-b0ad-270c6fcc0b99', 'en'),
(12, 12, 'tags', '6fcdb757-4f55-48c5-be9e-7f3e43491d8f', 'en'),
(13, 13, 'tags', 'e3093a51-03f7-48da-81a3-37d5b75d3ef4', 'en'),
(18, 18, 'font_classification', '17446f80-8d34-40cc-ab9f-3fee7f30131c', 'en'),
(19, 19, 'languages_supported', '6588e67a-2c28-42c1-98f1-30d72cac6328', 'en'),
(20, 20, 'font_classification', 'bfa6bbb4-f657-4792-b1e1-bdd312d33b2c', 'en'),
(21, 21, 'languages_supported', '60db99f2-0b1f-45ff-be70-1e724afe1b2f', 'en'),
(22, 22, 'font_classification', '1b9cbc06-509b-42ef-ba7e-19dd7f358a96', 'en'),
(23, 23, 'languages_supported', '15fd35d0-d4d2-47b5-8cb7-0b38b010e762', 'en'),
(24, 24, 'languages_supported', '9ed74df8-ef09-4d47-aea0-57418a94eef8', 'en'),
(25, 25, 'font_classification', 'cfc59272-4e7b-440f-9c24-8121e1c52e39', 'en'),
(26, 26, 'languages_supported', '47ed109d-312b-455e-8c24-c807926818f1', 'en'),
(27, 27, 'font_classification', 'e63ab54f-3b7c-43f7-8976-e4eb9cd2a966', 'en'),
(28, 28, 'languages_supported', 'bcd62403-9959-4483-902f-9681788fc5b4', 'en'),
(29, 29, 'languages_supported', 'c1cdc43c-8afe-48ec-b7a9-780edabfd4aa', 'en'),
(30, 30, 'languages_supported', '21846484-5884-4b22-999a-98533b6414fc', 'en'),
(31, 31, 'languages_supported', 'df366265-aa5a-43a2-a2cf-bd67fe469b71', 'en'),
(32, 32, 'languages_supported', '9a74d5e1-e5d1-46c8-9aa0-280e7c1ac53f', 'en'),
(33, 33, 'languages_supported', '32e2210b-7dc5-4772-b826-a0c6b8da3a51', 'en'),
(34, 34, 'languages_supported', '2c9dc05b-e70d-4fd9-93f8-9dbc6d2203b7', 'en'),
(35, 35, 'languages_supported', 'ed42df9e-892e-48c1-beee-8295416bdf05', 'en'),
(36, 36, 'languages_supported', 'b72925ad-f146-407a-bcdc-20482a2261bd', 'en'),
(37, 37, 'languages_supported', '24723779-acc7-4740-8731-cfe9abad6ff5', 'en'),
(38, 38, 'languages_supported', 'bbcb58af-f539-4772-8d19-4ce83a12ec07', 'en'),
(45, 45, 'mt_collections', '874b35fb-8f85-4ad4-8d53-79c7d3d41d27', 'en'),
(46, 46, 'mt_collections', '0b62da18-3694-4e0a-8145-ed9e61016591', 'en'),
(47, 47, 'mt_collections', '7685b74e-7da4-41cf-9ea3-0100a3337f07', 'en'),
(48, 48, 'mt_collections', '586c6ebe-883f-4488-920e-f431c49a3b03', 'en'),
(51, 51, 'tags', '3293fc11-14e2-4d79-acba-2a0802ce948b', 'en'),
(52, 52, 'tags', 'a1cb80e9-1125-4331-9555-e1a2b1281a92', 'en'),
(53, 53, 'mt_affiliations', '3594b590-e252-44ef-a7f0-801429706283', 'en'),
(54, 54, 'mt_affiliations', '8102b910-ebf7-4b00-ad09-23c0fbfa7454', 'en'),
(55, 55, 'mt_affiliations', '805dd296-07e4-4dde-8c73-f1966fe6d8fc', 'en'),
(56, 56, 'mt_affiliations', '4860315d-611c-492a-b432-3837ed1953a7', 'en'),
(57, 57, 'mt_affiliations', '19021be9-d15d-4cc5-a596-602758f723ae', 'en'),
(58, 58, 'mt_affiliations', '5e113c02-12a3-4aef-9e5b-99da2688cd8a', 'en'),
(59, 59, 'mt_topics', 'cd9c23e1-916e-45a1-9e30-18e3f0d62bb7', 'en'),
(60, 60, 'mt_topics', 'ee514a48-6f89-4a4d-9bd3-f7d294dc996e', 'en'),
(61, 61, 'mt_topics', 'b91f0ab2-dced-450c-876e-e04c472d8d7c', 'en'),
(62, 62, 'mt_topics', '11935113-e85e-4c5a-a5e5-4cb01f799da4', 'en'),
(63, 63, 'mt_topics', 'f632cd5f-e42d-494a-bebd-d56f42cdd373', 'en'),
(64, 64, 'mt_topics', 'e67365ad-c9b9-46d7-94bf-395879179818', 'en'),
(65, 65, 'mt_session', 'fcf2e2f2-5d98-49af-a5e9-70e022357190', 'en'),
(66, 66, 'mt_session', '333e7789-98a4-49e5-8c05-4ba7f7eec228', 'en'),
(67, 67, 'mt_session', '74c11aa5-76ed-45ed-86ab-fd758be23558', 'en'),
(68, 68, 'mt_session', '7e716129-c469-416f-bfae-2d8bc6777a9c', 'en'),
(69, 69, 'mt_event_categories', '15f7d682-b301-4fac-b62f-115550ad27bc', 'en'),
(70, 70, 'mt_event_categories', 'eb7ddd14-8288-448c-89ca-4a0de014f956', 'en'),
(71, 71, 'mt_event_categories', '15be88ae-d66b-4847-889e-860db9903f8f', 'en'),
(72, 72, 'mt_event_categories', 'b2cca0c1-bf89-403c-80b8-1813d5d4d686', 'en'),
(73, 73, 'mt_presentation_categories', '63a7f93c-07df-452e-8148-3320524d243d', 'en'),
(74, 74, 'mt_presentation_categories', 'ffecc033-66e3-4eaa-a257-5737cb079ea1', 'en'),
(75, 75, 'mt_presentation_categories', '97154152-fb7f-4d9b-ae09-05b11bf5258b', 'en'),
(76, 76, 'mt_presentation_categories', 'f98c0c3f-7d71-4725-9b74-6a6865de36e6', 'en'),
(77, 77, 'mt_program_entry_categories', '22a38471-0c7f-4648-b30f-333eecbf4300', 'en'),
(78, 78, 'mt_program_entry_categories', 'd2924e12-c2b1-4933-a403-15439a844c27', 'en'),
(79, 79, 'mt_album_categories', 'ab8c4a64-b651-4b5d-8df1-1d47a42d61f9', 'en'),
(80, 80, 'mt_album_categories', 'd59d3222-0a20-4f6d-baf9-f653866a8c2a', 'en'),
(81, 81, 'mt_album_categories', 'e6cf75df-30b7-4947-a77f-960eeb30eeea', 'en');

-- --------------------------------------------------------

--
-- Table structure for table `taxonomy_term_field_data`
--

CREATE TABLE `taxonomy_term_field_data` (
  `tid` int(10) UNSIGNED NOT NULL,
  `revision_id` int(10) UNSIGNED NOT NULL,
  `vid` varchar(32) CHARACTER SET ascii COLLATE ascii_general_ci NOT NULL COMMENT 'The ID of the target entity.',
  `langcode` varchar(12) CHARACTER SET ascii COLLATE ascii_general_ci NOT NULL,
  `name` varchar(255) NOT NULL,
  `description__value` longtext DEFAULT NULL,
  `description__format` varchar(255) CHARACTER SET ascii COLLATE ascii_general_ci DEFAULT NULL,
  `weight` int(11) NOT NULL,
  `changed` int(11) DEFAULT NULL,
  `default_langcode` tinyint(4) NOT NULL,
  `status` tinyint(4) NOT NULL,
  `revision_translation_affected` tinyint(4) DEFAULT NULL
) ENGINE=InnoDB DEFAULT CHARSET=utf8mb4 COLLATE=utf8mb4_general_ci COMMENT='The data table for taxonomy_term entities.';

--
-- Dumping data for table `taxonomy_term_field_data`
--

INSERT INTO `taxonomy_term_field_data` (`tid`, `revision_id`, `vid`, `langcode`, `name`, `description__value`, `description__format`, `weight`, `changed`, `default_langcode`, `status`, `revision_translation_affected`) VALUES
(1, 1, 'mt_service_tags', 'en', 'Accommodation Category 1', NULL, NULL, 0, 1520514596, 1, 1, 1),
(2, 2, 'mt_service_tags', 'en', 'Accommodation Category 2', NULL, NULL, 0, 1520514610, 1, 1, 1),
(3, 3, 'mt_service_tags', 'en', 'Accommodation Category 3', NULL, NULL, 0, 1520514614, 1, 1, 1),
(4, 4, 'mt_service_tags', 'en', 'Accommodation Category 4', NULL, NULL, 0, 1520514618, 1, 1, 1),
(9, 9, 'tags', 'en', 'Red', NULL, NULL, 0, 1516031711, 1, 1, 1),
(10, 10, 'tags', 'en', 'Black', NULL, NULL, 0, 1516031536, 1, 1, 1),
(11, 11, 'tags', 'en', 'Purple', NULL, NULL, 0, 1516031701, 1, 1, 1),
(12, 12, 'tags', 'en', 'Green', NULL, NULL, 0, 1516031687, 1, 1, 1),
(13, 13, 'tags', 'en', 'Gold', NULL, NULL, 0, 1516031679, 1, 1, 1),
(18, 18, 'font_classification', 'en', 'handwriting', NULL, NULL, 0, 1468916080, 1, 1, 1),
(19, 19, 'languages_supported', 'en', 'latin', NULL, NULL, 0, 1468916080, 1, 1, 1),
(20, 20, 'font_classification', 'en', 'serif', NULL, NULL, 0, 1468916083, 1, 1, 1),
(21, 21, 'languages_supported', 'en', 'latin-ext', NULL, NULL, 0, 1468916083, 1, 1, 1),
(22, 22, 'font_classification', 'en', 'display', NULL, NULL, 0, 1468916083, 1, 1, 1),
(23, 23, 'languages_supported', 'en', 'cyrillic', NULL, NULL, 0, 1468916083, 1, 1, 1),
(24, 24, 'languages_supported', 'en', 'devanagari', NULL, NULL, 0, 1468916083, 1, 1, 1),
(25, 25, 'font_classification', 'en', 'sans-serif', NULL, NULL, 0, 1468916083, 1, 1, 1),
(26, 26, 'languages_supported', 'en', 'hebrew', NULL, NULL, 0, 1468916084, 1, 1, 1),
(27, 27, 'font_classification', 'en', 'monospace', NULL, NULL, 0, 1468916084, 1, 1, 1),
(28, 28, 'languages_supported', 'en', 'cyrillic-ext', NULL, NULL, 0, 1468916084, 1, 1, 1),
(29, 29, 'languages_supported', 'en', 'greek-ext', NULL, NULL, 0, 1468916084, 1, 1, 1),
(30, 30, 'languages_supported', 'en', 'greek', NULL, NULL, 0, 1468916084, 1, 1, 1),
(31, 31, 'languages_supported', 'en', 'thai', NULL, NULL, 0, 1468916087, 1, 1, 1),
(32, 32, 'languages_supported', 'en', 'vietnamese', NULL, NULL, 0, 1468916087, 1, 1, 1),
(33, 33, 'languages_supported', 'en', 'telugu', NULL, NULL, 0, 1468916091, 1, 1, 1),
(34, 34, 'languages_supported', 'en', 'khmer', NULL, NULL, 0, 1468916092, 1, 1, 1),
(35, 35, 'languages_supported', 'en', 'gujarati', NULL, NULL, 0, 1468916097, 1, 1, 1),
(36, 36, 'languages_supported', 'en', 'arabic', NULL, NULL, 0, 1468916099, 1, 1, 1),
(37, 37, 'languages_supported', 'en', 'tamil', NULL, NULL, 0, 1468916116, 1, 1, 1),
(38, 38, 'languages_supported', 'en', 'bengali', NULL, NULL, 0, 1468916145, 1, 1, 1),
(45, 45, 'mt_collections', 'en', 'Clothing', NULL, NULL, 0, 1520533009, 1, 1, 1),
(46, 46, 'mt_collections', 'en', 'Hats', NULL, NULL, 1, 1520533035, 1, 1, 1),
(47, 47, 'mt_collections', 'en', 'Souvenirs', NULL, NULL, 2, 1520533054, 1, 1, 1),
(48, 48, 'mt_collections', 'en', 'Others', NULL, NULL, 3, 1520533066, 1, 1, 1),
(51, 51, 'tags', 'en', 'Silver', NULL, NULL, 0, 1516031719, 1, 1, 1),
(52, 52, 'tags', 'en', 'Yellow', NULL, NULL, 0, 1516031725, 1, 1, 1),
(53, 53, 'mt_affiliations', 'en', 'First Affiliation', '<p>Lorem ipsum dolor sit amet, consectetur adipisicing elit, sed do eiusmod tempor incididunt ut labore et dolore magna aliqua. Ut enim ad minim veniam, quis nostrud exercitation ullamco laboris nisi ut aliquip ex ea commodo consequat. Duis aute irure dolor in reprehenderit in voluptate velit esse cillum dolore eu fugiat nulla pariatur. Excepteur sint occaecat cupidatat non proident, sunt in culpa qui officia deserunt mollit anim id est laborum.</p>\r\n', 'basic_html', 0, 1516796311, 1, 1, 1),
(54, 54, 'mt_affiliations', 'en', 'Second Affiliation', '<p>Lorem ipsum dolor sit amet, consectetur adipisicing elit, sed do eiusmod tempor incididunt ut labore et dolore magna aliqua. Ut enim ad minim veniam, quis nostrud exercitation ullamco laboris nisi ut aliquip ex ea commodo consequat. Duis aute irure dolor in reprehenderit in voluptate velit esse cillum dolore eu fugiat nulla pariatur. Excepteur sint occaecat cupidatat non proident, sunt in culpa qui officia deserunt mollit anim id est laborum.</p>\r\n', 'basic_html', 0, 1516796334, 1, 1, 1),
(55, 55, 'mt_affiliations', 'en', 'Third Affiliation', '<p>Lorem ipsum dolor sit amet, consectetur adipisicing elit, sed do eiusmod tempor incididunt ut labore et dolore magna aliqua. Ut enim ad minim veniam, quis nostrud exercitation ullamco laboris nisi ut aliquip ex ea commodo consequat. Duis aute irure dolor in reprehenderit in voluptate velit esse cillum dolore eu fugiat nulla pariatur. Excepteur sint occaecat cupidatat non proident, sunt in culpa qui officia deserunt mollit anim id est laborum.</p>\r\n', 'basic_html', 0, 1516796352, 1, 1, 1),
(56, 56, 'mt_affiliations', 'en', 'Fourth Affiliation', '<p>Lorem ipsum dolor sit amet, consectetur adipisicing elit, sed do eiusmod tempor incididunt ut labore et dolore magna aliqua. Ut enim ad minim veniam, quis nostrud exercitation ullamco laboris nisi ut aliquip ex ea commodo consequat. Duis aute irure dolor in reprehenderit in voluptate velit esse cillum dolore eu fugiat nulla pariatur. Excepteur sint occaecat cupidatat non proident, sunt in culpa qui officia deserunt mollit anim id est laborum.</p>\r\n', 'basic_html', 0, 1516796370, 1, 1, 1),
(57, 57, 'mt_affiliations', 'en', 'Fifth Affiliation', '<p>Lorem ipsum dolor sit amet, consectetur adipisicing elit, sed do eiusmod tempor incididunt ut labore et dolore magna aliqua. Ut enim ad minim veniam, quis nostrud exercitation ullamco laboris nisi ut aliquip ex ea commodo consequat. Duis aute irure dolor in reprehenderit in voluptate velit esse cillum dolore eu fugiat nulla pariatur. Excepteur sint occaecat cupidatat non proident, sunt in culpa qui officia deserunt mollit anim id est laborum.</p>\r\n', 'basic_html', 0, 1516796387, 1, 1, 1),
(58, 58, 'mt_affiliations', 'en', 'Sixth Affiliation', '<p>Lorem ipsum dolor sit amet, consectetur adipisicing elit, sed do eiusmod tempor incididunt ut labore et dolore magna aliqua. Ut enim ad minim veniam, quis nostrud exercitation ullamco laboris nisi ut aliquip ex ea commodo consequat. Duis aute irure dolor in reprehenderit in voluptate velit esse cillum dolore eu fugiat nulla pariatur. Excepteur sint occaecat cupidatat non proident, sunt in culpa qui officia deserunt mollit anim id est laborum.</p>\r\n', 'basic_html', 0, 1516796407, 1, 1, 1),
(59, 59, 'mt_topics', 'en', 'Topic One', NULL, NULL, 0, 1519817959, 1, 1, 1),
(60, 60, 'mt_topics', 'en', 'Topic Two', NULL, NULL, 0, 1519817973, 1, 1, 1),
(61, 61, 'mt_topics', 'en', 'Topic Three', NULL, NULL, 0, 1519817980, 1, 1, 1),
(62, 62, 'mt_topics', 'en', 'Topic Four', NULL, NULL, 0, 1519817989, 1, 1, 1),
(63, 63, 'mt_topics', 'en', 'Topic Five', NULL, NULL, 0, 1519817999, 1, 1, 1),
(64, 64, 'mt_topics', 'en', 'Topic Six', NULL, NULL, 0, 1519818008, 1, 1, 1),
(65, 65, 'mt_session', 'en', 'Session One', NULL, NULL, 0, 1519819656, 1, 1, 1),
(66, 66, 'mt_session', 'en', 'Session Two', NULL, NULL, 0, 1519819666, 1, 1, 1),
(67, 67, 'mt_session', 'en', 'Session Three', NULL, NULL, 0, 1519819676, 1, 1, 1),
(68, 68, 'mt_session', 'en', 'Session Four', NULL, NULL, 0, 1519819682, 1, 1, 1),
(69, 69, 'mt_event_categories', 'en', 'Social Event', NULL, NULL, 0, 1520505862, 1, 1, 1),
(70, 70, 'mt_event_categories', 'en', 'Get Together', NULL, NULL, 0, 1520505873, 1, 1, 1),
(71, 71, 'mt_event_categories', 'en', 'Party', NULL, NULL, 0, 1520505882, 1, 1, 1),
(72, 72, 'mt_event_categories', 'en', 'Ceremony', NULL, NULL, 0, 1520505890, 1, 1, 1),
(73, 73, 'mt_presentation_categories', 'en', 'Oral presentation', NULL, NULL, 0, 1520508788, 1, 1, 1),
(74, 74, 'mt_presentation_categories', 'en', 'Poster', NULL, NULL, 0, 1520508794, 1, 1, 1),
(75, 75, 'mt_presentation_categories', 'en', 'ePoster', NULL, NULL, 0, 1520508801, 1, 1, 1),
(76, 76, 'mt_presentation_categories', 'en', 'Workshop', NULL, NULL, 0, 1520508810, 1, 1, 1),
(77, 77, 'mt_program_entry_categories', 'en', 'Category one', NULL, NULL, 0, 1521115862, 1, 1, 1),
(78, 78, 'mt_program_entry_categories', 'en', 'Category two', NULL, NULL, 0, 1521115872, 1, 1, 1),
(79, 79, 'mt_album_categories', 'en', 'Keynote', NULL, NULL, 0, 1521196427, 1, 1, 1),
(80, 80, 'mt_album_categories', 'en', 'Cocktail Party', NULL, NULL, 0, 1521196448, 1, 1, 1),
(81, 81, 'mt_album_categories', 'en', 'Opening Ceremony', NULL, NULL, 0, 1521196463, 1, 1, 1);

-- --------------------------------------------------------

--
-- Table structure for table `taxonomy_term_field_revision`
--

CREATE TABLE `taxonomy_term_field_revision` (
  `tid` int(10) UNSIGNED NOT NULL,
  `revision_id` int(10) UNSIGNED NOT NULL,
  `langcode` varchar(12) CHARACTER SET ascii COLLATE ascii_general_ci NOT NULL,
  `name` varchar(255) DEFAULT NULL,
  `description__value` longtext DEFAULT NULL,
  `description__format` varchar(255) CHARACTER SET ascii COLLATE ascii_general_ci DEFAULT NULL,
  `changed` int(11) DEFAULT NULL,
  `default_langcode` tinyint(4) NOT NULL,
  `status` tinyint(4) NOT NULL,
  `revision_translation_affected` tinyint(4) DEFAULT NULL
) ENGINE=InnoDB DEFAULT CHARSET=utf8mb4 COLLATE=utf8mb4_general_ci COMMENT='The revision data table for taxonomy_term entities.';

--
-- Dumping data for table `taxonomy_term_field_revision`
--

INSERT INTO `taxonomy_term_field_revision` (`tid`, `revision_id`, `langcode`, `name`, `description__value`, `description__format`, `changed`, `default_langcode`, `status`, `revision_translation_affected`) VALUES
(1, 1, 'en', 'Accommodation Category 1', NULL, NULL, 1520514596, 1, 1, 1),
(2, 2, 'en', 'Accommodation Category 2', NULL, NULL, 1520514610, 1, 1, 1),
(3, 3, 'en', 'Accommodation Category 3', NULL, NULL, 1520514614, 1, 1, 1),
(4, 4, 'en', 'Accommodation Category 4', NULL, NULL, 1520514618, 1, 1, 1),
(9, 9, 'en', 'Red', NULL, NULL, 1516031711, 1, 1, 1),
(10, 10, 'en', 'Black', NULL, NULL, 1516031536, 1, 1, 1),
(11, 11, 'en', 'Purple', NULL, NULL, 1516031701, 1, 1, 1),
(12, 12, 'en', 'Green', NULL, NULL, 1516031687, 1, 1, 1),
(13, 13, 'en', 'Gold', NULL, NULL, 1516031679, 1, 1, 1),
(18, 18, 'en', 'handwriting', NULL, NULL, 1468916080, 1, 1, 1),
(19, 19, 'en', 'latin', NULL, NULL, 1468916080, 1, 1, 1),
(20, 20, 'en', 'serif', NULL, NULL, 1468916083, 1, 1, 1),
(21, 21, 'en', 'latin-ext', NULL, NULL, 1468916083, 1, 1, 1),
(22, 22, 'en', 'display', NULL, NULL, 1468916083, 1, 1, 1),
(23, 23, 'en', 'cyrillic', NULL, NULL, 1468916083, 1, 1, 1),
(24, 24, 'en', 'devanagari', NULL, NULL, 1468916083, 1, 1, 1),
(25, 25, 'en', 'sans-serif', NULL, NULL, 1468916083, 1, 1, 1),
(26, 26, 'en', 'hebrew', NULL, NULL, 1468916084, 1, 1, 1),
(27, 27, 'en', 'monospace', NULL, NULL, 1468916084, 1, 1, 1),
(28, 28, 'en', 'cyrillic-ext', NULL, NULL, 1468916084, 1, 1, 1),
(29, 29, 'en', 'greek-ext', NULL, NULL, 1468916084, 1, 1, 1),
(30, 30, 'en', 'greek', NULL, NULL, 1468916084, 1, 1, 1),
(31, 31, 'en', 'thai', NULL, NULL, 1468916087, 1, 1, 1),
(32, 32, 'en', 'vietnamese', NULL, NULL, 1468916087, 1, 1, 1),
(33, 33, 'en', 'telugu', NULL, NULL, 1468916091, 1, 1, 1),
(34, 34, 'en', 'khmer', NULL, NULL, 1468916092, 1, 1, 1),
(35, 35, 'en', 'gujarati', NULL, NULL, 1468916097, 1, 1, 1),
(36, 36, 'en', 'arabic', NULL, NULL, 1468916099, 1, 1, 1),
(37, 37, 'en', 'tamil', NULL, NULL, 1468916116, 1, 1, 1),
(38, 38, 'en', 'bengali', NULL, NULL, 1468916145, 1, 1, 1),
(45, 45, 'en', 'Clothing', NULL, NULL, 1520533009, 1, 1, 1),
(46, 46, 'en', 'Hats', NULL, NULL, 1520533035, 1, 1, 1),
(47, 47, 'en', 'Souvenirs', NULL, NULL, 1520533054, 1, 1, 1),
(48, 48, 'en', 'Others', NULL, NULL, 1520533066, 1, 1, 1),
(51, 51, 'en', 'Silver', NULL, NULL, 1516031719, 1, 1, 1),
(52, 52, 'en', 'Yellow', NULL, NULL, 1516031725, 1, 1, 1),
(53, 53, 'en', 'First Affiliation', '<p>Lorem ipsum dolor sit amet, consectetur adipisicing elit, sed do eiusmod tempor incididunt ut labore et dolore magna aliqua. Ut enim ad minim veniam, quis nostrud exercitation ullamco laboris nisi ut aliquip ex ea commodo consequat. Duis aute irure dolor in reprehenderit in voluptate velit esse cillum dolore eu fugiat nulla pariatur. Excepteur sint occaecat cupidatat non proident, sunt in culpa qui officia deserunt mollit anim id est laborum.</p>\r\n', 'basic_html', 1516796311, 1, 1, 1),
(54, 54, 'en', 'Second Affiliation', '<p>Lorem ipsum dolor sit amet, consectetur adipisicing elit, sed do eiusmod tempor incididunt ut labore et dolore magna aliqua. Ut enim ad minim veniam, quis nostrud exercitation ullamco laboris nisi ut aliquip ex ea commodo consequat. Duis aute irure dolor in reprehenderit in voluptate velit esse cillum dolore eu fugiat nulla pariatur. Excepteur sint occaecat cupidatat non proident, sunt in culpa qui officia deserunt mollit anim id est laborum.</p>\r\n', 'basic_html', 1516796334, 1, 1, 1),
(55, 55, 'en', 'Third Affiliation', '<p>Lorem ipsum dolor sit amet, consectetur adipisicing elit, sed do eiusmod tempor incididunt ut labore et dolore magna aliqua. Ut enim ad minim veniam, quis nostrud exercitation ullamco laboris nisi ut aliquip ex ea commodo consequat. Duis aute irure dolor in reprehenderit in voluptate velit esse cillum dolore eu fugiat nulla pariatur. Excepteur sint occaecat cupidatat non proident, sunt in culpa qui officia deserunt mollit anim id est laborum.</p>\r\n', 'basic_html', 1516796352, 1, 1, 1),
(56, 56, 'en', 'Fourth Affiliation', '<p>Lorem ipsum dolor sit amet, consectetur adipisicing elit, sed do eiusmod tempor incididunt ut labore et dolore magna aliqua. Ut enim ad minim veniam, quis nostrud exercitation ullamco laboris nisi ut aliquip ex ea commodo consequat. Duis aute irure dolor in reprehenderit in voluptate velit esse cillum dolore eu fugiat nulla pariatur. Excepteur sint occaecat cupidatat non proident, sunt in culpa qui officia deserunt mollit anim id est laborum.</p>\r\n', 'basic_html', 1516796370, 1, 1, 1),
(57, 57, 'en', 'Fifth Affiliation', '<p>Lorem ipsum dolor sit amet, consectetur adipisicing elit, sed do eiusmod tempor incididunt ut labore et dolore magna aliqua. Ut enim ad minim veniam, quis nostrud exercitation ullamco laboris nisi ut aliquip ex ea commodo consequat. Duis aute irure dolor in reprehenderit in voluptate velit esse cillum dolore eu fugiat nulla pariatur. Excepteur sint occaecat cupidatat non proident, sunt in culpa qui officia deserunt mollit anim id est laborum.</p>\r\n', 'basic_html', 1516796387, 1, 1, 1),
(58, 58, 'en', 'Sixth Affiliation', '<p>Lorem ipsum dolor sit amet, consectetur adipisicing elit, sed do eiusmod tempor incididunt ut labore et dolore magna aliqua. Ut enim ad minim veniam, quis nostrud exercitation ullamco laboris nisi ut aliquip ex ea commodo consequat. Duis aute irure dolor in reprehenderit in voluptate velit esse cillum dolore eu fugiat nulla pariatur. Excepteur sint occaecat cupidatat non proident, sunt in culpa qui officia deserunt mollit anim id est laborum.</p>\r\n', 'basic_html', 1516796407, 1, 1, 1),
(59, 59, 'en', 'Topic One', NULL, NULL, 1519817959, 1, 1, 1),
(60, 60, 'en', 'Topic Two', NULL, NULL, 1519817973, 1, 1, 1),
(61, 61, 'en', 'Topic Three', NULL, NULL, 1519817980, 1, 1, 1),
(62, 62, 'en', 'Topic Four', NULL, NULL, 1519817989, 1, 1, 1),
(63, 63, 'en', 'Topic Five', NULL, NULL, 1519817999, 1, 1, 1),
(64, 64, 'en', 'Topic Six', NULL, NULL, 1519818008, 1, 1, 1),
(65, 65, 'en', 'Session One', NULL, NULL, 1519819656, 1, 1, 1),
(66, 66, 'en', 'Session Two', NULL, NULL, 1519819666, 1, 1, 1),
(67, 67, 'en', 'Session Three', NULL, NULL, 1519819676, 1, 1, 1),
(68, 68, 'en', 'Session Four', NULL, NULL, 1519819682, 1, 1, 1),
(69, 69, 'en', 'Social Event', NULL, NULL, 1520505862, 1, 1, 1),
(70, 70, 'en', 'Get Together', NULL, NULL, 1520505873, 1, 1, 1),
(71, 71, 'en', 'Party', NULL, NULL, 1520505882, 1, 1, 1),
(72, 72, 'en', 'Ceremony', NULL, NULL, 1520505890, 1, 1, 1),
(73, 73, 'en', 'Oral presentation', NULL, NULL, 1520508788, 1, 1, 1),
(74, 74, 'en', 'Poster', NULL, NULL, 1520508794, 1, 1, 1),
(75, 75, 'en', 'ePoster', NULL, NULL, 1520508801, 1, 1, 1),
(76, 76, 'en', 'Workshop', NULL, NULL, 1520508810, 1, 1, 1),
(77, 77, 'en', 'Category one', NULL, NULL, 1521115862, 1, 1, 1),
(78, 78, 'en', 'Category two', NULL, NULL, 1521115872, 1, 1, 1),
(79, 79, 'en', 'Keynote', NULL, NULL, 1521196427, 1, 1, 1),
(80, 80, 'en', 'Cocktail Party', NULL, NULL, 1521196448, 1, 1, 1),
(81, 81, 'en', 'Opening Ceremony', NULL, NULL, 1521196463, 1, 1, 1);

-- --------------------------------------------------------

--
-- Table structure for table `taxonomy_term_revision`
--

CREATE TABLE `taxonomy_term_revision` (
  `tid` int(10) UNSIGNED NOT NULL,
  `revision_id` int(10) UNSIGNED NOT NULL,
  `langcode` varchar(12) CHARACTER SET ascii COLLATE ascii_general_ci NOT NULL,
  `revision_default` tinyint(4) DEFAULT NULL,
  `revision_user` int(10) UNSIGNED DEFAULT NULL COMMENT 'The ID of the target entity.',
  `revision_created` int(11) DEFAULT NULL,
  `revision_log_message` longtext DEFAULT NULL
) ENGINE=InnoDB DEFAULT CHARSET=utf8mb4 COLLATE=utf8mb4_general_ci COMMENT='The revision table for taxonomy_term entities.';

--
-- Dumping data for table `taxonomy_term_revision`
--

INSERT INTO `taxonomy_term_revision` (`tid`, `revision_id`, `langcode`, `revision_default`, `revision_user`, `revision_created`, `revision_log_message`) VALUES
(1, 1, 'en', 1, NULL, NULL, NULL),
(2, 2, 'en', 1, NULL, NULL, NULL),
(3, 3, 'en', 1, NULL, NULL, NULL),
(4, 4, 'en', 1, NULL, NULL, NULL),
(9, 9, 'en', 1, NULL, NULL, NULL),
(10, 10, 'en', 1, NULL, NULL, NULL),
(11, 11, 'en', 1, NULL, NULL, NULL),
(12, 12, 'en', 1, NULL, NULL, NULL),
(13, 13, 'en', 1, NULL, NULL, NULL),
(18, 18, 'en', 1, NULL, NULL, NULL),
(19, 19, 'en', 1, NULL, NULL, NULL),
(20, 20, 'en', 1, NULL, NULL, NULL),
(21, 21, 'en', 1, NULL, NULL, NULL),
(22, 22, 'en', 1, NULL, NULL, NULL),
(23, 23, 'en', 1, NULL, NULL, NULL),
(24, 24, 'en', 1, NULL, NULL, NULL),
(25, 25, 'en', 1, NULL, NULL, NULL),
(26, 26, 'en', 1, NULL, NULL, NULL),
(27, 27, 'en', 1, NULL, NULL, NULL),
(28, 28, 'en', 1, NULL, NULL, NULL),
(29, 29, 'en', 1, NULL, NULL, NULL),
(30, 30, 'en', 1, NULL, NULL, NULL),
(31, 31, 'en', 1, NULL, NULL, NULL),
(32, 32, 'en', 1, NULL, NULL, NULL),
(33, 33, 'en', 1, NULL, NULL, NULL),
(34, 34, 'en', 1, NULL, NULL, NULL),
(35, 35, 'en', 1, NULL, NULL, NULL),
(36, 36, 'en', 1, NULL, NULL, NULL),
(37, 37, 'en', 1, NULL, NULL, NULL),
(38, 38, 'en', 1, NULL, NULL, NULL),
(45, 45, 'en', 1, NULL, NULL, NULL),
(46, 46, 'en', 1, NULL, NULL, NULL),
(47, 47, 'en', 1, NULL, NULL, NULL),
(48, 48, 'en', 1, NULL, NULL, NULL),
(51, 51, 'en', 1, NULL, NULL, NULL),
(52, 52, 'en', 1, NULL, NULL, NULL),
(53, 53, 'en', 1, NULL, NULL, NULL),
(54, 54, 'en', 1, NULL, NULL, NULL),
(55, 55, 'en', 1, NULL, NULL, NULL),
(56, 56, 'en', 1, NULL, NULL, NULL),
(57, 57, 'en', 1, NULL, NULL, NULL),
(58, 58, 'en', 1, NULL, NULL, NULL),
(59, 59, 'en', 1, NULL, NULL, NULL),
(60, 60, 'en', 1, NULL, NULL, NULL),
(61, 61, 'en', 1, NULL, NULL, NULL),
(62, 62, 'en', 1, NULL, NULL, NULL),
(63, 63, 'en', 1, NULL, NULL, NULL),
(64, 64, 'en', 1, NULL, NULL, NULL),
(65, 65, 'en', 1, NULL, NULL, NULL),
(66, 66, 'en', 1, NULL, NULL, NULL),
(67, 67, 'en', 1, NULL, NULL, NULL),
(68, 68, 'en', 1, NULL, NULL, NULL),
(69, 69, 'en', 1, NULL, NULL, NULL),
(70, 70, 'en', 1, NULL, NULL, NULL),
(71, 71, 'en', 1, NULL, NULL, NULL),
(72, 72, 'en', 1, NULL, NULL, NULL),
(73, 73, 'en', 1, NULL, NULL, NULL),
(74, 74, 'en', 1, NULL, NULL, NULL),
(75, 75, 'en', 1, NULL, NULL, NULL),
(76, 76, 'en', 1, NULL, NULL, NULL),
(77, 77, 'en', 1, NULL, NULL, NULL),
(78, 78, 'en', 1, NULL, NULL, NULL),
(79, 79, 'en', 1, NULL, NULL, NULL),
(80, 80, 'en', 1, NULL, NULL, NULL),
(81, 81, 'en', 1, NULL, NULL, NULL);

-- --------------------------------------------------------

--
-- Table structure for table `taxonomy_term_revision__parent`
--

CREATE TABLE `taxonomy_term_revision__parent` (
  `bundle` varchar(128) CHARACTER SET ascii COLLATE ascii_general_ci NOT NULL DEFAULT '' COMMENT 'The field instance bundle to which this row belongs, used when deleting a field instance',
  `deleted` tinyint(4) NOT NULL DEFAULT 0 COMMENT 'A boolean indicating whether this data item has been deleted',
  `entity_id` int(10) UNSIGNED NOT NULL COMMENT 'The entity id this data is attached to',
  `revision_id` int(10) UNSIGNED NOT NULL COMMENT 'The entity revision id this data is attached to',
  `langcode` varchar(32) CHARACTER SET ascii COLLATE ascii_general_ci NOT NULL DEFAULT '' COMMENT 'The language code for this data item.',
  `delta` int(10) UNSIGNED NOT NULL COMMENT 'The sequence number for this data item, used for multi-value fields',
  `parent_target_id` int(10) UNSIGNED NOT NULL COMMENT 'The ID of the target entity.'
) ENGINE=InnoDB DEFAULT CHARSET=utf8mb4 COLLATE=utf8mb4_general_ci COMMENT='Revision archive storage for taxonomy_term field parent.';

--
-- Dumping data for table `taxonomy_term_revision__parent`
--

INSERT INTO `taxonomy_term_revision__parent` (`bundle`, `deleted`, `entity_id`, `revision_id`, `langcode`, `delta`, `parent_target_id`) VALUES
('mt_service_tags', 0, 1, 1, 'en', 0, 0),
('mt_service_tags', 0, 2, 2, 'en', 0, 0),
('mt_service_tags', 0, 3, 3, 'en', 0, 0),
('mt_service_tags', 0, 4, 4, 'en', 0, 0),
('tags', 0, 9, 9, 'en', 0, 0),
('tags', 0, 10, 10, 'en', 0, 0),
('tags', 0, 11, 11, 'en', 0, 0),
('tags', 0, 12, 12, 'en', 0, 0),
('tags', 0, 13, 13, 'en', 0, 0),
('font_classification', 0, 18, 18, 'en', 0, 0),
('languages_supported', 0, 19, 19, 'en', 0, 0),
('font_classification', 0, 20, 20, 'en', 0, 0),
('languages_supported', 0, 21, 21, 'en', 0, 0),
('font_classification', 0, 22, 22, 'en', 0, 0),
('languages_supported', 0, 23, 23, 'en', 0, 0),
('languages_supported', 0, 24, 24, 'en', 0, 0),
('font_classification', 0, 25, 25, 'en', 0, 0),
('languages_supported', 0, 26, 26, 'en', 0, 0),
('font_classification', 0, 27, 27, 'en', 0, 0),
('languages_supported', 0, 28, 28, 'en', 0, 0),
('languages_supported', 0, 29, 29, 'en', 0, 0),
('languages_supported', 0, 30, 30, 'en', 0, 0),
('languages_supported', 0, 31, 31, 'en', 0, 0),
('languages_supported', 0, 32, 32, 'en', 0, 0),
('languages_supported', 0, 33, 33, 'en', 0, 0),
('languages_supported', 0, 34, 34, 'en', 0, 0),
('languages_supported', 0, 35, 35, 'en', 0, 0),
('languages_supported', 0, 36, 36, 'en', 0, 0),
('languages_supported', 0, 37, 37, 'en', 0, 0),
('languages_supported', 0, 38, 38, 'en', 0, 0),
('mt_collections', 0, 45, 45, 'en', 0, 0),
('mt_collections', 0, 46, 46, 'en', 0, 0),
('mt_collections', 0, 47, 47, 'en', 0, 0),
('mt_collections', 0, 48, 48, 'en', 0, 0),
('tags', 0, 51, 51, 'en', 0, 0),
('tags', 0, 52, 52, 'en', 0, 0),
('mt_affiliations', 0, 53, 53, 'en', 0, 0),
('mt_affiliations', 0, 54, 54, 'en', 0, 0),
('mt_affiliations', 0, 55, 55, 'en', 0, 0),
('mt_affiliations', 0, 56, 56, 'en', 0, 0),
('mt_affiliations', 0, 57, 57, 'en', 0, 0),
('mt_affiliations', 0, 58, 58, 'en', 0, 0),
('mt_topics', 0, 59, 59, 'en', 0, 0),
('mt_topics', 0, 60, 60, 'en', 0, 0),
('mt_topics', 0, 61, 61, 'en', 0, 0),
('mt_topics', 0, 62, 62, 'en', 0, 0),
('mt_topics', 0, 63, 63, 'en', 0, 0),
('mt_topics', 0, 64, 64, 'en', 0, 0),
('mt_session', 0, 65, 65, 'en', 0, 0),
('mt_session', 0, 66, 66, 'en', 0, 0),
('mt_session', 0, 67, 67, 'en', 0, 0),
('mt_session', 0, 68, 68, 'en', 0, 0),
('mt_event_categories', 0, 69, 69, 'en', 0, 0),
('mt_event_categories', 0, 70, 70, 'en', 0, 0),
('mt_event_categories', 0, 71, 71, 'en', 0, 0),
('mt_event_categories', 0, 72, 72, 'en', 0, 0),
('mt_presentation_categories', 0, 73, 73, 'en', 0, 0),
('mt_presentation_categories', 0, 74, 74, 'en', 0, 0),
('mt_presentation_categories', 0, 75, 75, 'en', 0, 0),
('mt_presentation_categories', 0, 76, 76, 'en', 0, 0),
('mt_program_entry_categories', 0, 77, 77, 'en', 0, 0),
('mt_program_entry_categories', 0, 78, 78, 'en', 0, 0),
('mt_album_categories', 0, 79, 79, 'en', 0, 0),
('mt_album_categories', 0, 80, 80, 'en', 0, 0),
('mt_album_categories', 0, 81, 81, 'en', 0, 0);

-- --------------------------------------------------------

--
-- Table structure for table `taxonomy_term_r__476ddfcb47`
--

CREATE TABLE `taxonomy_term_r__476ddfcb47` (
  `bundle` varchar(128) CHARACTER SET ascii COLLATE ascii_general_ci NOT NULL DEFAULT '' COMMENT 'The field instance bundle to which this row belongs, used when deleting a field instance',
  `deleted` tinyint(4) NOT NULL DEFAULT 0 COMMENT 'A boolean indicating whether this data item has been deleted',
  `entity_id` int(10) UNSIGNED NOT NULL COMMENT 'The entity id this data is attached to',
  `revision_id` int(10) UNSIGNED NOT NULL COMMENT 'The entity revision id this data is attached to',
  `langcode` varchar(32) CHARACTER SET ascii COLLATE ascii_general_ci NOT NULL DEFAULT '' COMMENT 'The language code for this data item.',
  `delta` int(10) UNSIGNED NOT NULL COMMENT 'The sequence number for this data item, used for multi-value fields',
  `field_mt_affiliation_image_target_id` int(10) UNSIGNED NOT NULL COMMENT 'The ID of the file entity.',
  `field_mt_affiliation_image_alt` varchar(512) DEFAULT NULL COMMENT 'Alternative image text, for the image''s ''alt'' attribute.',
  `field_mt_affiliation_image_title` varchar(1024) DEFAULT NULL COMMENT 'Image title text, for the image''s ''title'' attribute.',
  `field_mt_affiliation_image_width` int(10) UNSIGNED DEFAULT NULL COMMENT 'The width of the image in pixels.',
  `field_mt_affiliation_image_height` int(10) UNSIGNED DEFAULT NULL COMMENT 'The height of the image in pixels.'
) ENGINE=InnoDB DEFAULT CHARSET=utf8mb4 COLLATE=utf8mb4_general_ci COMMENT='Revision archive storage for taxonomy_term field field_mt…';

--
-- Dumping data for table `taxonomy_term_r__476ddfcb47`
--

INSERT INTO `taxonomy_term_r__476ddfcb47` (`bundle`, `deleted`, `entity_id`, `revision_id`, `langcode`, `delta`, `field_mt_affiliation_image_target_id`, `field_mt_affiliation_image_alt`, `field_mt_affiliation_image_title`, `field_mt_affiliation_image_width`, `field_mt_affiliation_image_height`) VALUES
('mt_affiliations', 0, 53, 53, 'en', 0, 162, 'Affiliation', '', 240, 240),
('mt_affiliations', 0, 54, 54, 'en', 0, 163, 'Affiliation', '', 240, 240),
('mt_affiliations', 0, 55, 55, 'en', 0, 164, 'Affiliation', '', 240, 240),
('mt_affiliations', 0, 56, 56, 'en', 0, 165, 'Affiliation', '', 240, 240),
('mt_affiliations', 0, 57, 57, 'en', 0, 166, 'Affiliation', '', 240, 240),
('mt_affiliations', 0, 58, 58, 'en', 0, 167, 'Affiliation', '', 240, 240);

-- --------------------------------------------------------

--
-- Table structure for table `taxonomy_term_r__abcfb5d9bd`
--

CREATE TABLE `taxonomy_term_r__abcfb5d9bd` (
  `bundle` varchar(128) CHARACTER SET ascii COLLATE ascii_general_ci NOT NULL DEFAULT '' COMMENT 'The field instance bundle to which this row belongs, used when deleting a field instance',
  `deleted` tinyint(4) NOT NULL DEFAULT 0 COMMENT 'A boolean indicating whether this data item has been deleted',
  `entity_id` int(10) UNSIGNED NOT NULL COMMENT 'The entity id this data is attached to',
  `revision_id` int(10) UNSIGNED NOT NULL COMMENT 'The entity revision id this data is attached to',
  `langcode` varchar(32) CHARACTER SET ascii COLLATE ascii_general_ci NOT NULL DEFAULT '' COMMENT 'The language code for this data item.',
  `delta` int(10) UNSIGNED NOT NULL COMMENT 'The sequence number for this data item, used for multi-value fields',
  `field_mt_collection_image_target_id` int(10) UNSIGNED NOT NULL COMMENT 'The ID of the file entity.',
  `field_mt_collection_image_alt` varchar(512) DEFAULT NULL COMMENT 'Alternative image text, for the image''s ''alt'' attribute.',
  `field_mt_collection_image_title` varchar(1024) DEFAULT NULL COMMENT 'Image title text, for the image''s ''title'' attribute.',
  `field_mt_collection_image_width` int(10) UNSIGNED DEFAULT NULL COMMENT 'The width of the image in pixels.',
  `field_mt_collection_image_height` int(10) UNSIGNED DEFAULT NULL COMMENT 'The height of the image in pixels.'
) ENGINE=InnoDB DEFAULT CHARSET=utf8mb4 COLLATE=utf8mb4_general_ci COMMENT='Revision archive storage for taxonomy_term field field_mt…';

--
-- Dumping data for table `taxonomy_term_r__abcfb5d9bd`
--

INSERT INTO `taxonomy_term_r__abcfb5d9bd` (`bundle`, `deleted`, `entity_id`, `revision_id`, `langcode`, `delta`, `field_mt_collection_image_target_id`, `field_mt_collection_image_alt`, `field_mt_collection_image_title`, `field_mt_collection_image_width`, `field_mt_collection_image_height`) VALUES
('mt_collections', 0, 45, 45, 'en', 0, 66, 'Product Group one', '', 750, 835),
('mt_collections', 0, 46, 46, 'en', 0, 68, 'Product Group two', '', 750, 835),
('mt_collections', 0, 47, 47, 'en', 0, 67, 'Product Group three', '', 750, 835),
('mt_collections', 0, 48, 48, 'en', 0, 69, 'Product Group four', '', 750, 835);

-- --------------------------------------------------------

--
-- Table structure for table `taxonomy_term_r__fd8cfd99f4`
--

CREATE TABLE `taxonomy_term_r__fd8cfd99f4` (
  `bundle` varchar(128) CHARACTER SET ascii COLLATE ascii_general_ci NOT NULL DEFAULT '' COMMENT 'The field instance bundle to which this row belongs, used when deleting a field instance',
  `deleted` tinyint(4) NOT NULL DEFAULT 0 COMMENT 'A boolean indicating whether this data item has been deleted',
  `entity_id` int(10) UNSIGNED NOT NULL COMMENT 'The entity id this data is attached to',
  `revision_id` int(10) UNSIGNED NOT NULL COMMENT 'The entity revision id this data is attached to',
  `langcode` varchar(32) CHARACTER SET ascii COLLATE ascii_general_ci NOT NULL DEFAULT '' COMMENT 'The language code for this data item.',
  `delta` int(10) UNSIGNED NOT NULL COMMENT 'The sequence number for this data item, used for multi-value fields',
  `field_mt_wide_collection_image_target_id` int(10) UNSIGNED NOT NULL COMMENT 'The ID of the file entity.',
  `field_mt_wide_collection_image_alt` varchar(512) DEFAULT NULL COMMENT 'Alternative image text, for the image''s ''alt'' attribute.',
  `field_mt_wide_collection_image_title` varchar(1024) DEFAULT NULL COMMENT 'Image title text, for the image''s ''title'' attribute.',
  `field_mt_wide_collection_image_width` int(10) UNSIGNED DEFAULT NULL COMMENT 'The width of the image in pixels.',
  `field_mt_wide_collection_image_height` int(10) UNSIGNED DEFAULT NULL COMMENT 'The height of the image in pixels.'
) ENGINE=InnoDB DEFAULT CHARSET=utf8mb4 COLLATE=utf8mb4_general_ci COMMENT='Revision archive storage for taxonomy_term field field_mt…';

--
-- Dumping data for table `taxonomy_term_r__fd8cfd99f4`
--

INSERT INTO `taxonomy_term_r__fd8cfd99f4` (`bundle`, `deleted`, `entity_id`, `revision_id`, `langcode`, `delta`, `field_mt_wide_collection_image_target_id`, `field_mt_wide_collection_image_alt`, `field_mt_wide_collection_image_title`, `field_mt_wide_collection_image_width`, `field_mt_wide_collection_image_height`) VALUES
('mt_collections', 0, 48, 48, 'en', 0, 88, 'Product Group four', '', 750, 401);

-- --------------------------------------------------------

--
-- Table structure for table `taxonomy_term__field_mt_affiliation_image`
--

CREATE TABLE `taxonomy_term__field_mt_affiliation_image` (
  `bundle` varchar(128) CHARACTER SET ascii COLLATE ascii_general_ci NOT NULL DEFAULT '' COMMENT 'The field instance bundle to which this row belongs, used when deleting a field instance',
  `deleted` tinyint(4) NOT NULL DEFAULT 0 COMMENT 'A boolean indicating whether this data item has been deleted',
  `entity_id` int(10) UNSIGNED NOT NULL COMMENT 'The entity id this data is attached to',
  `revision_id` int(10) UNSIGNED NOT NULL COMMENT 'The entity revision id this data is attached to',
  `langcode` varchar(32) CHARACTER SET ascii COLLATE ascii_general_ci NOT NULL DEFAULT '' COMMENT 'The language code for this data item.',
  `delta` int(10) UNSIGNED NOT NULL COMMENT 'The sequence number for this data item, used for multi-value fields',
  `field_mt_affiliation_image_target_id` int(10) UNSIGNED NOT NULL COMMENT 'The ID of the file entity.',
  `field_mt_affiliation_image_alt` varchar(512) DEFAULT NULL COMMENT 'Alternative image text, for the image''s ''alt'' attribute.',
  `field_mt_affiliation_image_title` varchar(1024) DEFAULT NULL COMMENT 'Image title text, for the image''s ''title'' attribute.',
  `field_mt_affiliation_image_width` int(10) UNSIGNED DEFAULT NULL COMMENT 'The width of the image in pixels.',
  `field_mt_affiliation_image_height` int(10) UNSIGNED DEFAULT NULL COMMENT 'The height of the image in pixels.'
) ENGINE=InnoDB DEFAULT CHARSET=utf8mb4 COLLATE=utf8mb4_general_ci COMMENT='Data storage for taxonomy_term field field_mt_affiliation…';

--
-- Dumping data for table `taxonomy_term__field_mt_affiliation_image`
--

INSERT INTO `taxonomy_term__field_mt_affiliation_image` (`bundle`, `deleted`, `entity_id`, `revision_id`, `langcode`, `delta`, `field_mt_affiliation_image_target_id`, `field_mt_affiliation_image_alt`, `field_mt_affiliation_image_title`, `field_mt_affiliation_image_width`, `field_mt_affiliation_image_height`) VALUES
('mt_affiliations', 0, 53, 53, 'en', 0, 162, 'Affiliation', '', 240, 240),
('mt_affiliations', 0, 54, 54, 'en', 0, 163, 'Affiliation', '', 240, 240),
('mt_affiliations', 0, 55, 55, 'en', 0, 164, 'Affiliation', '', 240, 240),
('mt_affiliations', 0, 56, 56, 'en', 0, 165, 'Affiliation', '', 240, 240),
('mt_affiliations', 0, 57, 57, 'en', 0, 166, 'Affiliation', '', 240, 240),
('mt_affiliations', 0, 58, 58, 'en', 0, 167, 'Affiliation', '', 240, 240);

-- --------------------------------------------------------

--
-- Table structure for table `taxonomy_term__field_mt_collection_image`
--

CREATE TABLE `taxonomy_term__field_mt_collection_image` (
  `bundle` varchar(128) CHARACTER SET ascii COLLATE ascii_general_ci NOT NULL DEFAULT '' COMMENT 'The field instance bundle to which this row belongs, used when deleting a field instance',
  `deleted` tinyint(4) NOT NULL DEFAULT 0 COMMENT 'A boolean indicating whether this data item has been deleted',
  `entity_id` int(10) UNSIGNED NOT NULL COMMENT 'The entity id this data is attached to',
  `revision_id` int(10) UNSIGNED NOT NULL COMMENT 'The entity revision id this data is attached to',
  `langcode` varchar(32) CHARACTER SET ascii COLLATE ascii_general_ci NOT NULL DEFAULT '' COMMENT 'The language code for this data item.',
  `delta` int(10) UNSIGNED NOT NULL COMMENT 'The sequence number for this data item, used for multi-value fields',
  `field_mt_collection_image_target_id` int(10) UNSIGNED NOT NULL COMMENT 'The ID of the file entity.',
  `field_mt_collection_image_alt` varchar(512) DEFAULT NULL COMMENT 'Alternative image text, for the image''s ''alt'' attribute.',
  `field_mt_collection_image_title` varchar(1024) DEFAULT NULL COMMENT 'Image title text, for the image''s ''title'' attribute.',
  `field_mt_collection_image_width` int(10) UNSIGNED DEFAULT NULL COMMENT 'The width of the image in pixels.',
  `field_mt_collection_image_height` int(10) UNSIGNED DEFAULT NULL COMMENT 'The height of the image in pixels.'
) ENGINE=InnoDB DEFAULT CHARSET=utf8mb4 COLLATE=utf8mb4_general_ci COMMENT='Data storage for taxonomy_term field field_mt_collection…';

--
-- Dumping data for table `taxonomy_term__field_mt_collection_image`
--

INSERT INTO `taxonomy_term__field_mt_collection_image` (`bundle`, `deleted`, `entity_id`, `revision_id`, `langcode`, `delta`, `field_mt_collection_image_target_id`, `field_mt_collection_image_alt`, `field_mt_collection_image_title`, `field_mt_collection_image_width`, `field_mt_collection_image_height`) VALUES
('mt_collections', 0, 45, 45, 'en', 0, 66, 'Product Group one', '', 750, 835),
('mt_collections', 0, 46, 46, 'en', 0, 68, 'Product Group two', '', 750, 835),
('mt_collections', 0, 47, 47, 'en', 0, 67, 'Product Group three', '', 750, 835),
('mt_collections', 0, 48, 48, 'en', 0, 69, 'Product Group four', '', 750, 835);

-- --------------------------------------------------------

--
-- Table structure for table `taxonomy_term__field_mt_wide_collection_image`
--

CREATE TABLE `taxonomy_term__field_mt_wide_collection_image` (
  `bundle` varchar(128) CHARACTER SET ascii COLLATE ascii_general_ci NOT NULL DEFAULT '' COMMENT 'The field instance bundle to which this row belongs, used when deleting a field instance',
  `deleted` tinyint(4) NOT NULL DEFAULT 0 COMMENT 'A boolean indicating whether this data item has been deleted',
  `entity_id` int(10) UNSIGNED NOT NULL COMMENT 'The entity id this data is attached to',
  `revision_id` int(10) UNSIGNED NOT NULL COMMENT 'The entity revision id this data is attached to',
  `langcode` varchar(32) CHARACTER SET ascii COLLATE ascii_general_ci NOT NULL DEFAULT '' COMMENT 'The language code for this data item.',
  `delta` int(10) UNSIGNED NOT NULL COMMENT 'The sequence number for this data item, used for multi-value fields',
  `field_mt_wide_collection_image_target_id` int(10) UNSIGNED NOT NULL COMMENT 'The ID of the file entity.',
  `field_mt_wide_collection_image_alt` varchar(512) DEFAULT NULL COMMENT 'Alternative image text, for the image''s ''alt'' attribute.',
  `field_mt_wide_collection_image_title` varchar(1024) DEFAULT NULL COMMENT 'Image title text, for the image''s ''title'' attribute.',
  `field_mt_wide_collection_image_width` int(10) UNSIGNED DEFAULT NULL COMMENT 'The width of the image in pixels.',
  `field_mt_wide_collection_image_height` int(10) UNSIGNED DEFAULT NULL COMMENT 'The height of the image in pixels.'
) ENGINE=InnoDB DEFAULT CHARSET=utf8mb4 COLLATE=utf8mb4_general_ci COMMENT='Data storage for taxonomy_term field field_mt_wide…';

--
-- Dumping data for table `taxonomy_term__field_mt_wide_collection_image`
--

INSERT INTO `taxonomy_term__field_mt_wide_collection_image` (`bundle`, `deleted`, `entity_id`, `revision_id`, `langcode`, `delta`, `field_mt_wide_collection_image_target_id`, `field_mt_wide_collection_image_alt`, `field_mt_wide_collection_image_title`, `field_mt_wide_collection_image_width`, `field_mt_wide_collection_image_height`) VALUES
('mt_collections', 0, 48, 48, 'en', 0, 88, 'Product Group four', '', 750, 401);

-- --------------------------------------------------------

--
-- Table structure for table `taxonomy_term__parent`
--

CREATE TABLE `taxonomy_term__parent` (
  `bundle` varchar(128) CHARACTER SET ascii COLLATE ascii_general_ci NOT NULL DEFAULT '' COMMENT 'The field instance bundle to which this row belongs, used when deleting a field instance',
  `deleted` tinyint(4) NOT NULL DEFAULT 0 COMMENT 'A boolean indicating whether this data item has been deleted',
  `entity_id` int(10) UNSIGNED NOT NULL COMMENT 'The entity id this data is attached to',
  `revision_id` int(10) UNSIGNED NOT NULL COMMENT 'The entity revision id this data is attached to',
  `langcode` varchar(32) CHARACTER SET ascii COLLATE ascii_general_ci NOT NULL DEFAULT '' COMMENT 'The language code for this data item.',
  `delta` int(10) UNSIGNED NOT NULL COMMENT 'The sequence number for this data item, used for multi-value fields',
  `parent_target_id` int(10) UNSIGNED NOT NULL COMMENT 'The ID of the target entity.'
) ENGINE=InnoDB DEFAULT CHARSET=utf8mb4 COLLATE=utf8mb4_general_ci COMMENT='Data storage for taxonomy_term field parent.';

--
-- Dumping data for table `taxonomy_term__parent`
--

INSERT INTO `taxonomy_term__parent` (`bundle`, `deleted`, `entity_id`, `revision_id`, `langcode`, `delta`, `parent_target_id`) VALUES
('mt_service_tags', 0, 1, 1, 'en', 0, 0),
('mt_service_tags', 0, 2, 2, 'en', 0, 0),
('mt_service_tags', 0, 3, 3, 'en', 0, 0),
('mt_service_tags', 0, 4, 4, 'en', 0, 0),
('tags', 0, 9, 9, 'en', 0, 0),
('tags', 0, 10, 10, 'en', 0, 0),
('tags', 0, 11, 11, 'en', 0, 0),
('tags', 0, 12, 12, 'en', 0, 0),
('tags', 0, 13, 13, 'en', 0, 0),
('font_classification', 0, 18, 18, 'en', 0, 0),
('languages_supported', 0, 19, 19, 'en', 0, 0),
('font_classification', 0, 20, 20, 'en', 0, 0),
('languages_supported', 0, 21, 21, 'en', 0, 0),
('font_classification', 0, 22, 22, 'en', 0, 0),
('languages_supported', 0, 23, 23, 'en', 0, 0),
('languages_supported', 0, 24, 24, 'en', 0, 0),
('font_classification', 0, 25, 25, 'en', 0, 0),
('languages_supported', 0, 26, 26, 'en', 0, 0),
('font_classification', 0, 27, 27, 'en', 0, 0),
('languages_supported', 0, 28, 28, 'en', 0, 0),
('languages_supported', 0, 29, 29, 'en', 0, 0),
('languages_supported', 0, 30, 30, 'en', 0, 0),
('languages_supported', 0, 31, 31, 'en', 0, 0),
('languages_supported', 0, 32, 32, 'en', 0, 0),
('languages_supported', 0, 33, 33, 'en', 0, 0),
('languages_supported', 0, 34, 34, 'en', 0, 0),
('languages_supported', 0, 35, 35, 'en', 0, 0),
('languages_supported', 0, 36, 36, 'en', 0, 0),
('languages_supported', 0, 37, 37, 'en', 0, 0),
('languages_supported', 0, 38, 38, 'en', 0, 0),
('mt_collections', 0, 45, 45, 'en', 0, 0),
('mt_collections', 0, 46, 46, 'en', 0, 0),
('mt_collections', 0, 47, 47, 'en', 0, 0),
('mt_collections', 0, 48, 48, 'en', 0, 0),
('tags', 0, 51, 51, 'en', 0, 0),
('tags', 0, 52, 52, 'en', 0, 0),
('mt_affiliations', 0, 53, 53, 'en', 0, 0),
('mt_affiliations', 0, 54, 54, 'en', 0, 0),
('mt_affiliations', 0, 55, 55, 'en', 0, 0),
('mt_affiliations', 0, 56, 56, 'en', 0, 0),
('mt_affiliations', 0, 57, 57, 'en', 0, 0),
('mt_affiliations', 0, 58, 58, 'en', 0, 0),
('mt_topics', 0, 59, 59, 'en', 0, 0),
('mt_topics', 0, 60, 60, 'en', 0, 0),
('mt_topics', 0, 61, 61, 'en', 0, 0),
('mt_topics', 0, 62, 62, 'en', 0, 0),
('mt_topics', 0, 63, 63, 'en', 0, 0),
('mt_topics', 0, 64, 64, 'en', 0, 0),
('mt_session', 0, 65, 65, 'en', 0, 0),
('mt_session', 0, 66, 66, 'en', 0, 0),
('mt_session', 0, 67, 67, 'en', 0, 0),
('mt_session', 0, 68, 68, 'en', 0, 0),
('mt_event_categories', 0, 69, 69, 'en', 0, 0),
('mt_event_categories', 0, 70, 70, 'en', 0, 0),
('mt_event_categories', 0, 71, 71, 'en', 0, 0),
('mt_event_categories', 0, 72, 72, 'en', 0, 0),
('mt_presentation_categories', 0, 73, 73, 'en', 0, 0),
('mt_presentation_categories', 0, 74, 74, 'en', 0, 0),
('mt_presentation_categories', 0, 75, 75, 'en', 0, 0),
('mt_presentation_categories', 0, 76, 76, 'en', 0, 0),
('mt_program_entry_categories', 0, 77, 77, 'en', 0, 0),
('mt_program_entry_categories', 0, 78, 78, 'en', 0, 0),
('mt_album_categories', 0, 79, 79, 'en', 0, 0),
('mt_album_categories', 0, 80, 80, 'en', 0, 0),
('mt_album_categories', 0, 81, 81, 'en', 0, 0);

-- --------------------------------------------------------

--
-- Table structure for table `users`
--

CREATE TABLE `users` (
  `uid` int(11) NOT NULL,
  `uuid` varchar(128) CHARACTER SET ascii COLLATE ascii_general_ci NOT NULL,
  `langcode` varchar(12) CHARACTER SET ascii COLLATE ascii_general_ci NOT NULL
) ENGINE=InnoDB DEFAULT CHARSET=utf8mb4 COLLATE=utf8mb4_general_ci COMMENT='The base table for user entities.';

--
-- Dumping data for table `users`
--

INSERT INTO `users` (`uid`, `uuid`, `langcode`) VALUES
(0, 'b342adc7-ba96-4512-87e8-c720882b3096', 'en'),
(1, '9793666b-8825-4dc0-af5c-e1f3ece3b391', 'en');

-- --------------------------------------------------------

--
-- Table structure for table `users_data`
--

CREATE TABLE `users_data` (
  `uid` int(10) UNSIGNED NOT NULL DEFAULT 0 COMMENT 'Primary key: users.uid for user.',
  `module` varchar(50) CHARACTER SET ascii COLLATE ascii_general_ci NOT NULL DEFAULT '' COMMENT 'The name of the module declaring the variable.',
  `name` varchar(128) CHARACTER SET ascii COLLATE ascii_general_ci NOT NULL DEFAULT '' COMMENT 'The identifier of the data.',
  `value` longblob DEFAULT NULL COMMENT 'The value.',
  `serialized` tinyint(3) UNSIGNED DEFAULT 0 COMMENT 'Whether value is serialized.'
) ENGINE=InnoDB DEFAULT CHARSET=utf8mb4 COLLATE=utf8mb4_general_ci COMMENT='Stores module data as key/value pairs per user.';

--
-- Dumping data for table `users_data`
--

INSERT INTO `users_data` (`uid`, `module`, `name`, `value`, `serialized`) VALUES
(1, 'contact', 'enabled', 0x31, 0),
(1, 'webform', 'webform.element.message', 0x613a313a7b733a32373a22776562666f726d5f656d61696c5f726f6c65735f6d657373616765223b623a313b7d, 1);

-- --------------------------------------------------------

--
-- Table structure for table `user__field_mt_full_name`
--

CREATE TABLE `user__field_mt_full_name` (
  `bundle` varchar(128) CHARACTER SET ascii COLLATE ascii_general_ci NOT NULL DEFAULT '' COMMENT 'The field instance bundle to which this row belongs, used when deleting a field instance',
  `deleted` tinyint(4) NOT NULL DEFAULT 0 COMMENT 'A boolean indicating whether this data item has been deleted',
  `entity_id` int(10) UNSIGNED NOT NULL COMMENT 'The entity id this data is attached to',
  `revision_id` int(10) UNSIGNED NOT NULL COMMENT 'The entity revision id this data is attached to, which for an unversioned entity type is the same as the entity id',
  `langcode` varchar(32) CHARACTER SET ascii COLLATE ascii_general_ci NOT NULL DEFAULT '' COMMENT 'The language code for this data item.',
  `delta` int(10) UNSIGNED NOT NULL COMMENT 'The sequence number for this data item, used for multi-value fields',
  `field_mt_full_name_value` varchar(255) NOT NULL
) ENGINE=InnoDB DEFAULT CHARSET=utf8mb4 COLLATE=utf8mb4_general_ci COMMENT='Data storage for user field field_mt_full_name.';

--
-- Dumping data for table `user__field_mt_full_name`
--

INSERT INTO `user__field_mt_full_name` (`bundle`, `deleted`, `entity_id`, `revision_id`, `langcode`, `delta`, `field_mt_full_name_value`) VALUES
('user', 0, 1, 1, 'en', 0, 'Josn Doe');

-- --------------------------------------------------------

--
-- Table structure for table `user__field_mt_signature`
--

CREATE TABLE `user__field_mt_signature` (
  `bundle` varchar(128) CHARACTER SET ascii COLLATE ascii_general_ci NOT NULL DEFAULT '' COMMENT 'The field instance bundle to which this row belongs, used when deleting a field instance',
  `deleted` tinyint(4) NOT NULL DEFAULT 0 COMMENT 'A boolean indicating whether this data item has been deleted',
  `entity_id` int(10) UNSIGNED NOT NULL COMMENT 'The entity id this data is attached to',
  `revision_id` int(10) UNSIGNED NOT NULL COMMENT 'The entity revision id this data is attached to, which for an unversioned entity type is the same as the entity id',
  `langcode` varchar(32) CHARACTER SET ascii COLLATE ascii_general_ci NOT NULL DEFAULT '' COMMENT 'The language code for this data item.',
  `delta` int(10) UNSIGNED NOT NULL COMMENT 'The sequence number for this data item, used for multi-value fields',
  `field_mt_signature_value` longtext NOT NULL,
  `field_mt_signature_summary` longtext DEFAULT NULL,
  `field_mt_signature_format` varchar(255) CHARACTER SET ascii COLLATE ascii_general_ci DEFAULT NULL
) ENGINE=InnoDB DEFAULT CHARSET=utf8mb4 COLLATE=utf8mb4_general_ci COMMENT='Data storage for user field field_mt_signature.';

--
-- Dumping data for table `user__field_mt_signature`
--

INSERT INTO `user__field_mt_signature` (`bundle`, `deleted`, `entity_id`, `revision_id`, `langcode`, `delta`, `field_mt_signature_value`, `field_mt_signature_summary`, `field_mt_signature_format`) VALUES
('user', 0, 1, 1, 'en', 0, 'Lorem ipsum dolor sit amet, consectetur adipisicing elit, sed do eiusmod tempor incididunt ut labore et dolore magna aliqua. Ut enim ad minim veniam, quis nostrud exercitation ullamco laboris nisi ut aliquip ex ea commodo consequat.', '', 'raw_html');

-- --------------------------------------------------------

--
-- Table structure for table `user__roles`
--

CREATE TABLE `user__roles` (
  `bundle` varchar(128) CHARACTER SET ascii COLLATE ascii_general_ci NOT NULL DEFAULT '' COMMENT 'The field instance bundle to which this row belongs, used when deleting a field instance',
  `deleted` tinyint(4) NOT NULL DEFAULT 0 COMMENT 'A boolean indicating whether this data item has been deleted',
  `entity_id` int(10) UNSIGNED NOT NULL COMMENT 'The entity id this data is attached to',
  `revision_id` int(10) UNSIGNED NOT NULL COMMENT 'The entity revision id this data is attached to, which for an unversioned entity type is the same as the entity id',
  `langcode` varchar(32) CHARACTER SET ascii COLLATE ascii_general_ci NOT NULL DEFAULT '' COMMENT 'The language code for this data item.',
  `delta` int(10) UNSIGNED NOT NULL COMMENT 'The sequence number for this data item, used for multi-value fields',
  `roles_target_id` varchar(255) CHARACTER SET ascii COLLATE ascii_general_ci NOT NULL COMMENT 'The ID of the target entity.'
) ENGINE=InnoDB DEFAULT CHARSET=utf8mb4 COLLATE=utf8mb4_general_ci COMMENT='Data storage for user field roles.';

--
-- Dumping data for table `user__roles`
--

INSERT INTO `user__roles` (`bundle`, `deleted`, `entity_id`, `revision_id`, `langcode`, `delta`, `roles_target_id`) VALUES
('user', 0, 1, 1, 'en', 0, 'administrator');

-- --------------------------------------------------------

--
-- Table structure for table `user__user_picture`
--

CREATE TABLE `user__user_picture` (
  `bundle` varchar(128) CHARACTER SET ascii COLLATE ascii_general_ci NOT NULL DEFAULT '' COMMENT 'The field instance bundle to which this row belongs, used when deleting a field instance',
  `deleted` tinyint(4) NOT NULL DEFAULT 0 COMMENT 'A boolean indicating whether this data item has been deleted',
  `entity_id` int(10) UNSIGNED NOT NULL COMMENT 'The entity id this data is attached to',
  `revision_id` int(10) UNSIGNED NOT NULL COMMENT 'The entity revision id this data is attached to, which for an unversioned entity type is the same as the entity id',
  `langcode` varchar(32) CHARACTER SET ascii COLLATE ascii_general_ci NOT NULL DEFAULT '' COMMENT 'The language code for this data item.',
  `delta` int(10) UNSIGNED NOT NULL COMMENT 'The sequence number for this data item, used for multi-value fields',
  `user_picture_target_id` int(10) UNSIGNED NOT NULL COMMENT 'The ID of the file entity.',
  `user_picture_alt` varchar(512) DEFAULT NULL COMMENT 'Alternative image text, for the image''s ''alt'' attribute.',
  `user_picture_title` varchar(1024) DEFAULT NULL COMMENT 'Image title text, for the image''s ''title'' attribute.',
  `user_picture_width` int(10) UNSIGNED DEFAULT NULL COMMENT 'The width of the image in pixels.',
  `user_picture_height` int(10) UNSIGNED DEFAULT NULL COMMENT 'The height of the image in pixels.'
) ENGINE=InnoDB DEFAULT CHARSET=utf8mb4 COLLATE=utf8mb4_general_ci COMMENT='Data storage for user field user_picture.';

--
-- Dumping data for table `user__user_picture`
--

INSERT INTO `user__user_picture` (`bundle`, `deleted`, `entity_id`, `revision_id`, `langcode`, `delta`, `user_picture_target_id`, `user_picture_alt`, `user_picture_title`, `user_picture_width`, `user_picture_height`) VALUES
('user', 0, 1, 1, 'en', 0, 14, '', '', 85, 85);

-- --------------------------------------------------------

--
-- Table structure for table `watchdog`
--

CREATE TABLE `watchdog` (
  `wid` int(11) NOT NULL COMMENT 'Primary Key: Unique watchdog event ID.',
  `uid` int(10) UNSIGNED NOT NULL DEFAULT 0 COMMENT 'The users.uid of the user who triggered the event.',
  `type` varchar(64) CHARACTER SET ascii COLLATE ascii_general_ci NOT NULL DEFAULT '' COMMENT 'Type of log message, for example "user" or "page not found."',
  `message` longtext NOT NULL COMMENT 'Text of log message to be passed into the t() function.',
  `variables` longblob NOT NULL COMMENT 'Serialized array of variables that match the message string and that is passed into the t() function.',
  `severity` tinyint(3) UNSIGNED NOT NULL DEFAULT 0 COMMENT 'The severity level of the event. ranges from 0 (Emergency) to 7 (Debug)',
  `link` text DEFAULT NULL COMMENT 'Link to view the result of the event.',
  `location` text NOT NULL COMMENT 'URL of the origin of the event.',
  `referer` text DEFAULT NULL COMMENT 'URL of referring page.',
  `hostname` varchar(128) CHARACTER SET ascii COLLATE ascii_general_ci NOT NULL DEFAULT '' COMMENT 'Hostname of the user who triggered the event.',
  `timestamp` int(11) NOT NULL DEFAULT 0 COMMENT 'Unix timestamp of when event occurred.'
) ENGINE=InnoDB DEFAULT CHARSET=utf8mb4 COLLATE=utf8mb4_general_ci COMMENT='Table that contains logs of all system events.';

--
-- Dumping data for table `watchdog`
--

INSERT INTO `watchdog` (`wid`, `uid`, `type`, `message`, `variables`, `severity`, `link`, `location`, `referer`, `hostname`, `timestamp`) VALUES
(1, 0, 'cron', 'Starting execution of @module_cron().', 0x613a313a7b733a373a22406d6f64756c65223b733a373a22636f6d6d656e74223b7d, 5, '', 'http://ictm2023.isser.edu.gh/', 'http://ictm2023.isser.edu.gh/core/install.php?rewrite=ok&langcode=en&profile=standard&continue=1', '197.255.123.254', 1681464856),
(2, 0, 'cron', 'Starting execution of @module_cron(), execution of @module_previous_cron() took @time.', 0x613a333a7b733a373a22406d6f64756c65223b733a353a2264626c6f67223b733a31363a22406d6f64756c655f70726576696f7573223b733a373a22636f6d6d656e74223b733a353a224074696d65223b733a363a22302e37356d73223b7d, 5, '', 'http://ictm2023.isser.edu.gh/', 'http://ictm2023.isser.edu.gh/core/install.php?rewrite=ok&langcode=en&profile=standard&continue=1', '197.255.123.254', 1681464856),
(3, 0, 'cron', 'Starting execution of @module_cron(), execution of @module_previous_cron() took @time.', 0x613a333a7b733a373a22406d6f64756c65223b733a353a226669656c64223b733a31363a22406d6f64756c655f70726576696f7573223b733a353a2264626c6f67223b733a353a224074696d65223b733a363a22312e31396d73223b7d, 5, '', 'http://ictm2023.isser.edu.gh/', 'http://ictm2023.isser.edu.gh/core/install.php?rewrite=ok&langcode=en&profile=standard&continue=1', '197.255.123.254', 1681464856),
(4, 0, 'cron', 'Starting execution of @module_cron(), execution of @module_previous_cron() took @time.', 0x613a333a7b733a373a22406d6f64756c65223b733a343a2266696c65223b733a31363a22406d6f64756c655f70726576696f7573223b733a353a226669656c64223b733a353a224074696d65223b733a363a22322e31366d73223b7d, 5, '', 'http://ictm2023.isser.edu.gh/', 'http://ictm2023.isser.edu.gh/core/install.php?rewrite=ok&langcode=en&profile=standard&continue=1', '197.255.123.254', 1681464856),
(5, 0, 'cron', 'Starting execution of @module_cron(), execution of @module_previous_cron() took @time.', 0x613a333a7b733a373a22406d6f64756c65223b733a373a22686973746f7279223b733a31363a22406d6f64756c655f70726576696f7573223b733a343a2266696c65223b733a353a224074696d65223b733a363a22302e36326d73223b7d, 5, '', 'http://ictm2023.isser.edu.gh/', 'http://ictm2023.isser.edu.gh/core/install.php?rewrite=ok&langcode=en&profile=standard&continue=1', '197.255.123.254', 1681464856),
(6, 0, 'cron', 'Starting execution of @module_cron(), execution of @module_previous_cron() took @time.', 0x613a333a7b733a373a22406d6f64756c65223b733a343a226e6f6465223b733a31363a22406d6f64756c655f70726576696f7573223b733a373a22686973746f7279223b733a353a224074696d65223b733a363a22302e35346d73223b7d, 5, '', 'http://ictm2023.isser.edu.gh/', 'http://ictm2023.isser.edu.gh/core/install.php?rewrite=ok&langcode=en&profile=standard&continue=1', '197.255.123.254', 1681464856),
(7, 0, 'cron', 'Starting execution of @module_cron(), execution of @module_previous_cron() took @time.', 0x613a333a7b733a373a22406d6f64756c65223b733a363a22736561726368223b733a31363a22406d6f64756c655f70726576696f7573223b733a343a226e6f6465223b733a353a224074696d65223b733a363a22322e31366d73223b7d, 5, '', 'http://ictm2023.isser.edu.gh/', 'http://ictm2023.isser.edu.gh/core/install.php?rewrite=ok&langcode=en&profile=standard&continue=1', '197.255.123.254', 1681464856),
(8, 0, 'cron', 'Attempting to re-run cron while it is already running.', 0x613a303a7b7d, 4, '', 'http://ictm2023.isser.edu.gh/sites/default/files/styles/mt_albums_carousel/public/2018-01/mt-album-3.jpg?itok=gPQfdS5S', 'http://ictm2023.isser.edu.gh/', '197.255.123.254', 1681464861),
(9, 0, 'cron', 'Attempting to re-run cron while it is already running.', 0x613a303a7b7d, 4, '', 'http://ictm2023.isser.edu.gh/sites/default/files/styles/mt_albums_carousel/public/2018-01/mt-album-4.jpg?itok=ub2wjtb3', 'http://ictm2023.isser.edu.gh/', '197.255.123.254', 1681464861),
(10, 0, 'cron', 'Attempting to re-run cron while it is already running.', 0x613a303a7b7d, 4, '', 'http://ictm2023.isser.edu.gh/sites/default/files/styles/mt_albums_carousel/public/2018-01/mt-album-1.jpg?itok=N9FW6Z3V', 'http://ictm2023.isser.edu.gh/', '197.255.123.254', 1681464861),
(11, 0, 'cron', 'Attempting to re-run cron while it is already running.', 0x613a303a7b7d, 4, '', 'http://ictm2023.isser.edu.gh/sites/default/files/styles/mt_albums_carousel/public/2018-01/mt-album-2.jpg?itok=EWMttduv', 'http://ictm2023.isser.edu.gh/', '197.255.123.254', 1681464861),
(12, 0, 'cron', 'Attempting to re-run cron while it is already running.', 0x613a303a7b7d, 4, '', 'http://ictm2023.isser.edu.gh/sites/default/files/styles/mt_albums_carousel/public/2018-01/mt-album-5.jpg?itok=5nuStKDz', 'http://ictm2023.isser.edu.gh/', '197.255.123.254', 1681464862),
(13, 0, 'cron', 'Attempting to re-run cron while it is already running.', 0x613a303a7b7d, 4, '', 'http://ictm2023.isser.edu.gh/sites/default/files/styles/mt_member_photo/public/2018-02/mt-speaker-1.jpg?itok=IT47rQcT', 'http://ictm2023.isser.edu.gh/', '197.255.123.254', 1681464864),
(14, 0, 'cron', 'Attempting to re-run cron while it is already running.', 0x613a303a7b7d, 4, '', 'http://ictm2023.isser.edu.gh/sites/default/files/styles/mt_member_photo/public/2018-02/mt-speaker-2.jpg?itok=XeeVlqgF', 'http://ictm2023.isser.edu.gh/', '197.255.123.254', 1681464864),
(15, 0, 'cron', 'Attempting to re-run cron while it is already running.', 0x613a303a7b7d, 4, '', 'http://ictm2023.isser.edu.gh/sites/default/files/styles/mt_albums_carousel/public/2018-01/mt-album-6.jpg?itok=5SsQbDjd', 'http://ictm2023.isser.edu.gh/', '197.255.123.254', 1681464864),
(16, 0, 'cron', 'Attempting to re-run cron while it is already running.', 0x613a303a7b7d, 4, '', 'http://ictm2023.isser.edu.gh/sites/default/files/styles/mt_member_photo/public/2018-02/mt-speaker-3.jpg?itok=cb5gyDfD', 'http://ictm2023.isser.edu.gh/', '197.255.123.254', 1681464865),
(17, 0, 'cron', 'Attempting to re-run cron while it is already running.', 0x613a303a7b7d, 4, '', 'http://ictm2023.isser.edu.gh/sites/default/files/styles/mt_member_photo/public/2018-02/mt-speaker-4_0.jpg?itok=2w3QyaLo', 'http://ictm2023.isser.edu.gh/', '197.255.123.254', 1681464865),
(18, 0, 'cron', 'Starting execution of @module_cron(), execution of @module_previous_cron() took @time.', 0x613a333a7b733a373a22406d6f64756c65223b733a31303a2273746174697374696373223b733a31363a22406d6f64756c655f70726576696f7573223b733a363a22736561726368223b733a353a224074696d65223b733a393a22393835352e31336d73223b7d, 5, '', 'http://ictm2023.isser.edu.gh/', 'http://ictm2023.isser.edu.gh/core/install.php?rewrite=ok&langcode=en&profile=standard&continue=1', '197.255.123.254', 1681464865),
(19, 0, 'cron', 'Starting execution of @module_cron(), execution of @module_previous_cron() took @time.', 0x613a333a7b733a373a22406d6f64756c65223b733a363a2273797374656d223b733a31363a22406d6f64756c655f70726576696f7573223b733a31303a2273746174697374696373223b733a353a224074696d65223b733a363a22312e32316d73223b7d, 5, '', 'http://ictm2023.isser.edu.gh/', 'http://ictm2023.isser.edu.gh/core/install.php?rewrite=ok&langcode=en&profile=standard&continue=1', '197.255.123.254', 1681464865),
(20, 0, 'cron', 'Starting execution of @module_cron(), execution of @module_previous_cron() took @time.', 0x613a333a7b733a373a22406d6f64756c65223b733a363a22757064617465223b733a31363a22406d6f64756c655f70726576696f7573223b733a363a2273797374656d223b733a353a224074696d65223b733a363a22392e31326d73223b7d, 5, '', 'http://ictm2023.isser.edu.gh/', 'http://ictm2023.isser.edu.gh/core/install.php?rewrite=ok&langcode=en&profile=standard&continue=1', '197.255.123.254', 1681464865),
(21, 0, 'cron', 'Attempting to re-run cron while it is already running.', 0x613a303a7b7d, 4, '', 'http://ictm2023.isser.edu.gh/sites/default/files/styles/mt_member_photo/public/2018-02/mt-speaker-5.jpg?itok=bleOI9x-', 'http://ictm2023.isser.edu.gh/', '197.255.123.254', 1681464866),
(22, 0, 'cron', 'Attempting to re-run cron while it is already running.', 0x613a303a7b7d, 4, '', 'http://ictm2023.isser.edu.gh/sites/default/files/styles/mt_member_photo/public/2018-02/mt-speaker-6.jpg?itok=fG0Fb5Fi', 'http://ictm2023.isser.edu.gh/', '197.255.123.254', 1681464866),
(23, 0, 'cron', 'Attempting to re-run cron while it is already running.', 0x613a303a7b7d, 4, '', 'http://ictm2023.isser.edu.gh/sites/default/files/styles/large/public/2016-06/article-1.jpg?itok=ffsi0jDp', 'http://ictm2023.isser.edu.gh/', '197.255.123.254', 1681464867),
(24, 0, 'mail', 'Error sending email (from %from to %to with reply-to %reply).', 0x613a333a7b733a353a222566726f6d223b733a31383a226e6f7265706c7940646f6d61696e2e636f6d223b733a333a2225746f223b733a31383a226e6f7265706c7940646f6d61696e2e636f6d223b733a363a22257265706c79223b4f3a34383a2244727570616c5c436f72655c537472696e675472616e736c6174696f6e5c5472616e736c617461626c654d61726b7570223a333a7b733a393a22002a00737472696e67223b733a373a226e6f7420736574223b733a31323a22002a00617267756d656e7473223b613a303a7b7d733a31303a22002a006f7074696f6e73223b613a303a7b7d7d7d, 3, '', 'http://ictm2023.isser.edu.gh/', 'http://ictm2023.isser.edu.gh/core/install.php?rewrite=ok&langcode=en&profile=standard&continue=1', '197.255.123.254', 1681464867),
(25, 0, 'cron', 'Starting execution of @module_cron(), execution of @module_previous_cron() took @time.', 0x613a333a7b733a373a22406d6f64756c65223b733a373a22776562666f726d223b733a31363a22406d6f64756c655f70726576696f7573223b733a363a22757064617465223b733a353a224074696d65223b733a393a22313639312e33316d73223b7d, 5, '', 'http://ictm2023.isser.edu.gh/', 'http://ictm2023.isser.edu.gh/core/install.php?rewrite=ok&langcode=en&profile=standard&continue=1', '197.255.123.254', 1681464867),
(26, 0, 'cron', 'Execution of @module_previous_cron() took @time.', 0x613a323a7b733a31363a22406d6f64756c655f70726576696f7573223b733a373a22776562666f726d223b733a353a224074696d65223b733a363a22302e32316d73223b7d, 5, '', 'http://ictm2023.isser.edu.gh/', 'http://ictm2023.isser.edu.gh/core/install.php?rewrite=ok&langcode=en&profile=standard&continue=1', '197.255.123.254', 1681464867),
(27, 0, 'cron', 'Cron run completed.', 0x613a303a7b7d, 5, '', 'http://ictm2023.isser.edu.gh/', 'http://ictm2023.isser.edu.gh/core/install.php?rewrite=ok&langcode=en&profile=standard&continue=1', '197.255.123.254', 1681464867),
(28, 1, 'user', 'Session opened for %name.', 0x613a313a7b733a353a22256e616d65223b733a353a2261646d696e223b7d, 5, '', 'https://ictm2023.isser.edu.gh/user/login', 'https://ictm2023.isser.edu.gh/user/login', '197.255.123.254', 1681465233),
(29, 0, 'cron', 'Starting execution of @module_cron().', 0x613a313a7b733a373a22406d6f64756c65223b733a373a22636f6d6d656e74223b7d, 5, '', 'https://ictm2023.isser.edu.gh/admin/content', 'https://ictm2023.isser.edu.gh/block/92?destination=/node/35', '197.255.123.254', 1681479463),
(30, 0, 'cron', 'Starting execution of @module_cron(), execution of @module_previous_cron() took @time.', 0x613a333a7b733a373a22406d6f64756c65223b733a353a2264626c6f67223b733a31363a22406d6f64756c655f70726576696f7573223b733a373a22636f6d6d656e74223b733a353a224074696d65223b733a373a2231322e31366d73223b7d, 5, '', 'https://ictm2023.isser.edu.gh/admin/content', 'https://ictm2023.isser.edu.gh/block/92?destination=/node/35', '197.255.123.254', 1681479463),
(31, 0, 'cron', 'Starting execution of @module_cron(), execution of @module_previous_cron() took @time.', 0x613a333a7b733a373a22406d6f64756c65223b733a353a226669656c64223b733a31363a22406d6f64756c655f70726576696f7573223b733a353a2264626c6f67223b733a353a224074696d65223b733a363a22302e33386d73223b7d, 5, '', 'https://ictm2023.isser.edu.gh/admin/content', 'https://ictm2023.isser.edu.gh/block/92?destination=/node/35', '197.255.123.254', 1681479463),
(32, 0, 'cron', 'Starting execution of @module_cron(), execution of @module_previous_cron() took @time.', 0x613a333a7b733a373a22406d6f64756c65223b733a343a2266696c65223b733a31363a22406d6f64756c655f70726576696f7573223b733a353a226669656c64223b733a353a224074696d65223b733a363a22362e31386d73223b7d, 5, '', 'https://ictm2023.isser.edu.gh/admin/content', 'https://ictm2023.isser.edu.gh/block/92?destination=/node/35', '197.255.123.254', 1681479463),
(33, 0, 'cron', 'Starting execution of @module_cron(), execution of @module_previous_cron() took @time.', 0x613a333a7b733a373a22406d6f64756c65223b733a373a22686973746f7279223b733a31363a22406d6f64756c655f70726576696f7573223b733a343a2266696c65223b733a353a224074696d65223b733a343a2232316d73223b7d, 5, '', 'https://ictm2023.isser.edu.gh/admin/content', 'https://ictm2023.isser.edu.gh/block/92?destination=/node/35', '197.255.123.254', 1681479463),
(34, 0, 'cron', 'Starting execution of @module_cron(), execution of @module_previous_cron() took @time.', 0x613a333a7b733a373a22406d6f64756c65223b733a343a226e6f6465223b733a31363a22406d6f64756c655f70726576696f7573223b733a373a22686973746f7279223b733a353a224074696d65223b733a363a22312e34376d73223b7d, 5, '', 'https://ictm2023.isser.edu.gh/admin/content', 'https://ictm2023.isser.edu.gh/block/92?destination=/node/35', '197.255.123.254', 1681479463),
(35, 0, 'cron', 'Starting execution of @module_cron(), execution of @module_previous_cron() took @time.', 0x613a333a7b733a373a22406d6f64756c65223b733a363a22736561726368223b733a31363a22406d6f64756c655f70726576696f7573223b733a343a226e6f6465223b733a353a224074696d65223b733a373a2232352e33346d73223b7d, 5, '', 'https://ictm2023.isser.edu.gh/admin/content', 'https://ictm2023.isser.edu.gh/block/92?destination=/node/35', '197.255.123.254', 1681479463),
(36, 0, 'cron', 'Starting execution of @module_cron(), execution of @module_previous_cron() took @time.', 0x613a333a7b733a373a22406d6f64756c65223b733a31303a2273746174697374696373223b733a31363a22406d6f64756c655f70726576696f7573223b733a363a22736561726368223b733a353a224074696d65223b733a383a223130332e38326d73223b7d, 5, '', 'https://ictm2023.isser.edu.gh/admin/content', 'https://ictm2023.isser.edu.gh/block/92?destination=/node/35', '197.255.123.254', 1681479463),
(37, 0, 'cron', 'Starting execution of @module_cron(), execution of @module_previous_cron() took @time.', 0x613a333a7b733a373a22406d6f64756c65223b733a363a2273797374656d223b733a31363a22406d6f64756c655f70726576696f7573223b733a31303a2273746174697374696373223b733a353a224074696d65223b733a363a2231312e336d73223b7d, 5, '', 'https://ictm2023.isser.edu.gh/admin/content', 'https://ictm2023.isser.edu.gh/block/92?destination=/node/35', '197.255.123.254', 1681479463),
(38, 0, 'cron', 'Starting execution of @module_cron(), execution of @module_previous_cron() took @time.', 0x613a333a7b733a373a22406d6f64756c65223b733a363a22757064617465223b733a31363a22406d6f64756c655f70726576696f7573223b733a363a2273797374656d223b733a353a224074696d65223b733a363a2234372e336d73223b7d, 5, '', 'https://ictm2023.isser.edu.gh/admin/content', 'https://ictm2023.isser.edu.gh/block/92?destination=/node/35', '197.255.123.254', 1681479463),
(39, 0, 'cron', 'Starting execution of @module_cron(), execution of @module_previous_cron() took @time.', 0x613a333a7b733a373a22406d6f64756c65223b733a373a22776562666f726d223b733a31363a22406d6f64756c655f70726576696f7573223b733a363a22757064617465223b733a353a224074696d65223b733a383a223235342e31336d73223b7d, 5, '', 'https://ictm2023.isser.edu.gh/admin/content', 'https://ictm2023.isser.edu.gh/block/92?destination=/node/35', '197.255.123.254', 1681479464),
(40, 0, 'cron', 'Execution of @module_previous_cron() took @time.', 0x613a323a7b733a31363a22406d6f64756c655f70726576696f7573223b733a373a22776562666f726d223b733a353a224074696d65223b733a383a223236322e36376d73223b7d, 5, '', 'https://ictm2023.isser.edu.gh/admin/content', 'https://ictm2023.isser.edu.gh/block/92?destination=/node/35', '197.255.123.254', 1681479464),
(41, 0, 'cron', 'Cron run completed.', 0x613a303a7b7d, 5, '', 'https://ictm2023.isser.edu.gh/admin/content', 'https://ictm2023.isser.edu.gh/block/92?destination=/node/35', '197.255.123.254', 1681479464),
(42, 0, 'cron', 'Starting execution of @module_cron().', 0x613a313a7b733a373a22406d6f64756c65223b733a373a22636f6d6d656e74223b7d, 5, '', 'https://ictm2023.isser.edu.gh/', 'https://ictm2023.isser.edu.gh/admin/content', '197.255.123.254', 1681493883),
(43, 0, 'cron', 'Starting execution of @module_cron(), execution of @module_previous_cron() took @time.', 0x613a333a7b733a373a22406d6f64756c65223b733a353a2264626c6f67223b733a31363a22406d6f64756c655f70726576696f7573223b733a373a22636f6d6d656e74223b733a353a224074696d65223b733a373a2231332e35366d73223b7d, 5, '', 'https://ictm2023.isser.edu.gh/', 'https://ictm2023.isser.edu.gh/admin/content', '197.255.123.254', 1681493883),
(44, 0, 'cron', 'Starting execution of @module_cron(), execution of @module_previous_cron() took @time.', 0x613a333a7b733a373a22406d6f64756c65223b733a353a226669656c64223b733a31363a22406d6f64756c655f70726576696f7573223b733a353a2264626c6f67223b733a353a224074696d65223b733a363a22302e34396d73223b7d, 5, '', 'https://ictm2023.isser.edu.gh/', 'https://ictm2023.isser.edu.gh/admin/content', '197.255.123.254', 1681493883),
(45, 0, 'cron', 'Starting execution of @module_cron(), execution of @module_previous_cron() took @time.', 0x613a333a7b733a373a22406d6f64756c65223b733a343a2266696c65223b733a31363a22406d6f64756c655f70726576696f7573223b733a353a226669656c64223b733a353a224074696d65223b733a363a22352e33396d73223b7d, 5, '', 'https://ictm2023.isser.edu.gh/', 'https://ictm2023.isser.edu.gh/admin/content', '197.255.123.254', 1681493883),
(46, 0, 'cron', 'Starting execution of @module_cron(), execution of @module_previous_cron() took @time.', 0x613a333a7b733a373a22406d6f64756c65223b733a373a22686973746f7279223b733a31363a22406d6f64756c655f70726576696f7573223b733a343a2266696c65223b733a353a224074696d65223b733a373a2232302e39386d73223b7d, 5, '', 'https://ictm2023.isser.edu.gh/', 'https://ictm2023.isser.edu.gh/admin/content', '197.255.123.254', 1681493883),
(47, 0, 'cron', 'Starting execution of @module_cron(), execution of @module_previous_cron() took @time.', 0x613a333a7b733a373a22406d6f64756c65223b733a343a226e6f6465223b733a31363a22406d6f64756c655f70726576696f7573223b733a373a22686973746f7279223b733a353a224074696d65223b733a353a22302e366d73223b7d, 5, '', 'https://ictm2023.isser.edu.gh/', 'https://ictm2023.isser.edu.gh/admin/content', '197.255.123.254', 1681493883),
(48, 0, 'cron', 'Starting execution of @module_cron(), execution of @module_previous_cron() took @time.', 0x613a333a7b733a373a22406d6f64756c65223b733a363a22736561726368223b733a31363a22406d6f64756c655f70726576696f7573223b733a343a226e6f6465223b733a353a224074696d65223b733a363a2232352e316d73223b7d, 5, '', 'https://ictm2023.isser.edu.gh/', 'https://ictm2023.isser.edu.gh/admin/content', '197.255.123.254', 1681493883),
(49, 0, 'cron', 'Starting execution of @module_cron(), execution of @module_previous_cron() took @time.', 0x613a333a7b733a373a22406d6f64756c65223b733a31303a2273746174697374696373223b733a31363a22406d6f64756c655f70726576696f7573223b733a363a22736561726368223b733a353a224074696d65223b733a373a2238342e36336d73223b7d, 5, '', 'https://ictm2023.isser.edu.gh/', 'https://ictm2023.isser.edu.gh/admin/content', '197.255.123.254', 1681493883),
(50, 0, 'cron', 'Starting execution of @module_cron(), execution of @module_previous_cron() took @time.', 0x613a333a7b733a373a22406d6f64756c65223b733a363a2273797374656d223b733a31363a22406d6f64756c655f70726576696f7573223b733a31303a2273746174697374696373223b733a353a224074696d65223b733a363a22302e37326d73223b7d, 5, '', 'https://ictm2023.isser.edu.gh/', 'https://ictm2023.isser.edu.gh/admin/content', '197.255.123.254', 1681493883),
(51, 0, 'cron', 'Starting execution of @module_cron(), execution of @module_previous_cron() took @time.', 0x613a333a7b733a373a22406d6f64756c65223b733a363a22757064617465223b733a31363a22406d6f64756c655f70726576696f7573223b733a363a2273797374656d223b733a353a224074696d65223b733a363a2238302e356d73223b7d, 5, '', 'https://ictm2023.isser.edu.gh/', 'https://ictm2023.isser.edu.gh/admin/content', '197.255.123.254', 1681493883),
(52, 0, 'mail', 'Error sending email (from %from to %to with reply-to %reply).', 0x613a333a7b733a353a222566726f6d223b733a31383a226e6f7265706c7940646f6d61696e2e636f6d223b733a333a2225746f223b733a31383a226e6f7265706c7940646f6d61696e2e636f6d223b733a363a22257265706c79223b4f3a34383a2244727570616c5c436f72655c537472696e675472616e736c6174696f6e5c5472616e736c617461626c654d61726b7570223a333a7b733a393a22002a00737472696e67223b733a373a226e6f7420736574223b733a31323a22002a00617267756d656e7473223b613a303a7b7d733a31303a22002a006f7074696f6e73223b613a303a7b7d7d7d, 3, '', 'https://ictm2023.isser.edu.gh/', 'https://ictm2023.isser.edu.gh/admin/content', '197.255.123.254', 1681493885),
(53, 0, 'cron', 'Starting execution of @module_cron(), execution of @module_previous_cron() took @time.', 0x613a333a7b733a373a22406d6f64756c65223b733a373a22776562666f726d223b733a31363a22406d6f64756c655f70726576696f7573223b733a363a22757064617465223b733a353a224074696d65223b733a393a22313633332e30386d73223b7d, 5, '', 'https://ictm2023.isser.edu.gh/', 'https://ictm2023.isser.edu.gh/admin/content', '197.255.123.254', 1681493885),
(54, 0, 'cron', 'Execution of @module_previous_cron() took @time.', 0x613a323a7b733a31363a22406d6f64756c655f70726576696f7573223b733a373a22776562666f726d223b733a353a224074696d65223b733a383a223130302e37336d73223b7d, 5, '', 'https://ictm2023.isser.edu.gh/', 'https://ictm2023.isser.edu.gh/admin/content', '197.255.123.254', 1681493885),
(55, 0, 'cron', 'Cron run completed.', 0x613a303a7b7d, 5, '', 'https://ictm2023.isser.edu.gh/', 'https://ictm2023.isser.edu.gh/admin/content', '197.255.123.254', 1681493885),
(56, 0, 'cron', 'Starting execution of @module_cron().', 0x613a313a7b733a373a22406d6f64756c65223b733a373a22636f6d6d656e74223b7d, 5, '', 'https://ictm2023.isser.edu.gh/', '', '41.215.165.247', 1681538921),
(57, 0, 'cron', 'Starting execution of @module_cron(), execution of @module_previous_cron() took @time.', 0x613a333a7b733a373a22406d6f64756c65223b733a353a2264626c6f67223b733a31363a22406d6f64756c655f70726576696f7573223b733a373a22636f6d6d656e74223b733a353a224074696d65223b733a373a2232302e33376d73223b7d, 5, '', 'https://ictm2023.isser.edu.gh/', '', '41.215.165.247', 1681538921),
(58, 0, 'cron', 'Starting execution of @module_cron(), execution of @module_previous_cron() took @time.', 0x613a333a7b733a373a22406d6f64756c65223b733a353a226669656c64223b733a31363a22406d6f64756c655f70726576696f7573223b733a353a2264626c6f67223b733a353a224074696d65223b733a363a22302e34336d73223b7d, 5, '', 'https://ictm2023.isser.edu.gh/', '', '41.215.165.247', 1681538921),
(59, 0, 'cron', 'Starting execution of @module_cron(), execution of @module_previous_cron() took @time.', 0x613a333a7b733a373a22406d6f64756c65223b733a343a2266696c65223b733a31363a22406d6f64756c655f70726576696f7573223b733a353a226669656c64223b733a353a224074696d65223b733a373a2231352e32386d73223b7d, 5, '', 'https://ictm2023.isser.edu.gh/', '', '41.215.165.247', 1681538921),
(60, 0, 'cron', 'Starting execution of @module_cron(), execution of @module_previous_cron() took @time.', 0x613a333a7b733a373a22406d6f64756c65223b733a373a22686973746f7279223b733a31363a22406d6f64756c655f70726576696f7573223b733a343a2266696c65223b733a353a224074696d65223b733a373a2233342e34356d73223b7d, 5, '', 'https://ictm2023.isser.edu.gh/', '', '41.215.165.247', 1681538921),
(61, 0, 'cron', 'Starting execution of @module_cron(), execution of @module_previous_cron() took @time.', 0x613a333a7b733a373a22406d6f64756c65223b733a343a226e6f6465223b733a31363a22406d6f64756c655f70726576696f7573223b733a373a22686973746f7279223b733a353a224074696d65223b733a363a22302e35336d73223b7d, 5, '', 'https://ictm2023.isser.edu.gh/', '', '41.215.165.247', 1681538921),
(62, 0, 'cron', 'Starting execution of @module_cron(), execution of @module_previous_cron() took @time.', 0x613a333a7b733a373a22406d6f64756c65223b733a363a22736561726368223b733a31363a22406d6f64756c655f70726576696f7573223b733a343a226e6f6465223b733a353a224074696d65223b733a373a2234362e35336d73223b7d, 5, '', 'https://ictm2023.isser.edu.gh/', '', '41.215.165.247', 1681538921),
(63, 0, 'cron', 'Starting execution of @module_cron(), execution of @module_previous_cron() took @time.', 0x613a333a7b733a373a22406d6f64756c65223b733a31303a2273746174697374696373223b733a31363a22406d6f64756c655f70726576696f7573223b733a363a22736561726368223b733a353a224074696d65223b733a383a223134322e31376d73223b7d, 5, '', 'https://ictm2023.isser.edu.gh/', '', '41.215.165.247', 1681538921),
(64, 0, 'cron', 'Starting execution of @module_cron(), execution of @module_previous_cron() took @time.', 0x613a333a7b733a373a22406d6f64756c65223b733a363a2273797374656d223b733a31363a22406d6f64756c655f70726576696f7573223b733a31303a2273746174697374696373223b733a353a224074696d65223b733a363a22312e33316d73223b7d, 5, '', 'https://ictm2023.isser.edu.gh/', '', '41.215.165.247', 1681538921),
(65, 0, 'cron', 'Starting execution of @module_cron(), execution of @module_previous_cron() took @time.', 0x613a333a7b733a373a22406d6f64756c65223b733a363a22757064617465223b733a31363a22406d6f64756c655f70726576696f7573223b733a363a2273797374656d223b733a353a224074696d65223b733a383a223132392e35346d73223b7d, 5, '', 'https://ictm2023.isser.edu.gh/', '', '41.215.165.247', 1681538921),
(66, 0, 'mail', 'Error sending email (from %from to %to with reply-to %reply).', 0x613a333a7b733a353a222566726f6d223b733a31383a226e6f7265706c7940646f6d61696e2e636f6d223b733a333a2225746f223b733a31383a226e6f7265706c7940646f6d61696e2e636f6d223b733a363a22257265706c79223b4f3a34383a2244727570616c5c436f72655c537472696e675472616e736c6174696f6e5c5472616e736c617461626c654d61726b7570223a333a7b733a393a22002a00737472696e67223b733a373a226e6f7420736574223b733a31323a22002a00617267756d656e7473223b613a303a7b7d733a31303a22002a006f7074696f6e73223b613a303a7b7d7d7d, 3, '', 'https://ictm2023.isser.edu.gh/', '', '41.215.165.247', 1681538923),
(67, 0, 'cron', 'Starting execution of @module_cron(), execution of @module_previous_cron() took @time.', 0x613a333a7b733a373a22406d6f64756c65223b733a373a22776562666f726d223b733a31363a22406d6f64756c655f70726576696f7573223b733a363a22757064617465223b733a353a224074696d65223b733a393a22323033352e38316d73223b7d, 5, '', 'https://ictm2023.isser.edu.gh/', '', '41.215.165.247', 1681538923),
(68, 0, 'cron', 'Execution of @module_previous_cron() took @time.', 0x613a323a7b733a31363a22406d6f64756c655f70726576696f7573223b733a373a22776562666f726d223b733a353a224074696d65223b733a383a223132362e33376d73223b7d, 5, '', 'https://ictm2023.isser.edu.gh/', '', '41.215.165.247', 1681538924),
(69, 0, 'cron', 'Cron run completed.', 0x613a303a7b7d, 5, '', 'https://ictm2023.isser.edu.gh/', '', '41.215.165.247', 1681538924),
(70, 0, 'cron', 'Starting execution of @module_cron().', 0x613a313a7b733a373a22406d6f64756c65223b733a373a22636f6d6d656e74223b7d, 5, '', 'https://ictm2023.isser.edu.gh/', 'https://techcrafft.com:2083/', '41.215.171.100', 1681645549),
(71, 0, 'cron', 'Starting execution of @module_cron(), execution of @module_previous_cron() took @time.', 0x613a333a7b733a373a22406d6f64756c65223b733a353a2264626c6f67223b733a31363a22406d6f64756c655f70726576696f7573223b733a373a22636f6d6d656e74223b733a353a224074696d65223b733a363a22312e30366d73223b7d, 5, '', 'https://ictm2023.isser.edu.gh/', 'https://techcrafft.com:2083/', '41.215.171.100', 1681645549),
(72, 0, 'cron', 'Starting execution of @module_cron(), execution of @module_previous_cron() took @time.', 0x613a333a7b733a373a22406d6f64756c65223b733a353a226669656c64223b733a31363a22406d6f64756c655f70726576696f7573223b733a353a2264626c6f67223b733a353a224074696d65223b733a363a22302e33376d73223b7d, 5, '', 'https://ictm2023.isser.edu.gh/', 'https://techcrafft.com:2083/', '41.215.171.100', 1681645549),
(73, 0, 'cron', 'Starting execution of @module_cron(), execution of @module_previous_cron() took @time.', 0x613a333a7b733a373a22406d6f64756c65223b733a343a2266696c65223b733a31363a22406d6f64756c655f70726576696f7573223b733a353a226669656c64223b733a353a224074696d65223b733a363a22302e37336d73223b7d, 5, '', 'https://ictm2023.isser.edu.gh/', 'https://techcrafft.com:2083/', '41.215.171.100', 1681645549),
(74, 0, 'cron', 'Starting execution of @module_cron(), execution of @module_previous_cron() took @time.', 0x613a333a7b733a373a22406d6f64756c65223b733a373a22686973746f7279223b733a31363a22406d6f64756c655f70726576696f7573223b733a343a2266696c65223b733a353a224074696d65223b733a363a22322e30356d73223b7d, 5, '', 'https://ictm2023.isser.edu.gh/', 'https://techcrafft.com:2083/', '41.215.171.100', 1681645549),
(75, 0, 'cron', 'Starting execution of @module_cron(), execution of @module_previous_cron() took @time.', 0x613a333a7b733a373a22406d6f64756c65223b733a343a226e6f6465223b733a31363a22406d6f64756c655f70726576696f7573223b733a373a22686973746f7279223b733a353a224074696d65223b733a363a22302e31376d73223b7d, 5, '', 'https://ictm2023.isser.edu.gh/', 'https://techcrafft.com:2083/', '41.215.171.100', 1681645549),
(76, 0, 'cron', 'Starting execution of @module_cron(), execution of @module_previous_cron() took @time.', 0x613a333a7b733a373a22406d6f64756c65223b733a363a22736561726368223b733a31363a22406d6f64756c655f70726576696f7573223b733a343a226e6f6465223b733a353a224074696d65223b733a363a22312e39386d73223b7d, 5, '', 'https://ictm2023.isser.edu.gh/', 'https://techcrafft.com:2083/', '41.215.171.100', 1681645549),
(77, 0, 'cron', 'Starting execution of @module_cron(), execution of @module_previous_cron() took @time.', 0x613a333a7b733a373a22406d6f64756c65223b733a31303a2273746174697374696373223b733a31363a22406d6f64756c655f70726576696f7573223b733a363a22736561726368223b733a353a224074696d65223b733a353a22342e366d73223b7d, 5, '', 'https://ictm2023.isser.edu.gh/', 'https://techcrafft.com:2083/', '41.215.171.100', 1681645549),
(78, 0, 'cron', 'Starting execution of @module_cron(), execution of @module_previous_cron() took @time.', 0x613a333a7b733a373a22406d6f64756c65223b733a363a2273797374656d223b733a31363a22406d6f64756c655f70726576696f7573223b733a31303a2273746174697374696373223b733a353a224074696d65223b733a363a22312e36386d73223b7d, 5, '', 'https://ictm2023.isser.edu.gh/', 'https://techcrafft.com:2083/', '41.215.171.100', 1681645549),
(79, 0, 'cron', 'Starting execution of @module_cron(), execution of @module_previous_cron() took @time.', 0x613a333a7b733a373a22406d6f64756c65223b733a363a22757064617465223b733a31363a22406d6f64756c655f70726576696f7573223b733a363a2273797374656d223b733a353a224074696d65223b733a373a2231302e39356d73223b7d, 5, '', 'https://ictm2023.isser.edu.gh/', 'https://techcrafft.com:2083/', '41.215.171.100', 1681645549),
(80, 0, 'mail', 'Error sending email (from %from to %to with reply-to %reply).', 0x613a333a7b733a353a222566726f6d223b733a31383a226e6f7265706c7940646f6d61696e2e636f6d223b733a333a2225746f223b733a31383a226e6f7265706c7940646f6d61696e2e636f6d223b733a363a22257265706c79223b4f3a34383a2244727570616c5c436f72655c537472696e675472616e736c6174696f6e5c5472616e736c617461626c654d61726b7570223a333a7b733a393a22002a00737472696e67223b733a373a226e6f7420736574223b733a31323a22002a00617267756d656e7473223b613a303a7b7d733a31303a22002a006f7074696f6e73223b613a303a7b7d7d7d, 3, '', 'https://ictm2023.isser.edu.gh/', 'https://techcrafft.com:2083/', '41.215.171.100', 1681645549),
(81, 0, 'cron', 'Starting execution of @module_cron(), execution of @module_previous_cron() took @time.', 0x613a333a7b733a373a22406d6f64756c65223b733a373a22776562666f726d223b733a31363a22406d6f64756c655f70726576696f7573223b733a363a22757064617465223b733a353a224074696d65223b733a383a223432392e39356d73223b7d, 5, '', 'https://ictm2023.isser.edu.gh/', 'https://techcrafft.com:2083/', '41.215.171.100', 1681645549),
(82, 0, 'cron', 'Execution of @module_previous_cron() took @time.', 0x613a323a7b733a31363a22406d6f64756c655f70726576696f7573223b733a373a22776562666f726d223b733a353a224074696d65223b733a363a22372e35356d73223b7d, 5, '', 'https://ictm2023.isser.edu.gh/', 'https://techcrafft.com:2083/', '41.215.171.100', 1681645549),
(83, 0, 'cron', 'Cron run completed.', 0x613a303a7b7d, 5, '', 'https://ictm2023.isser.edu.gh/', 'https://techcrafft.com:2083/', '41.215.171.100', 1681645549),
(84, 1, 'php', '%type: @message in %function (line %line of %file) @backtrace_string.', 0x[encoded data, 11016 characters], 3, '', 'https://ictm2023.isser.edu.gh/admin/reports/updates/update', 'https://ictm2023.isser.edu.gh/admin/appearance', '41.215.171.100', 1681648324);
INSERT INTO `watchdog` (`wid`, `uid`, `type`, `message`, `variables`, `severity`, `link`, `location`, `referer`, `hostname`, `timestamp`) VALUES
(85, 1, 'php', '%type: @message in %function (line %line of %file) @backtrace_string.', 0x[encoded data, 11016 characters], 3, '', 'https://ictm2023.isser.edu.gh/admin/config/development/performance', 'https://ictm2023.isser.edu.gh/admin/config', '41.215.171.100', 1681648338),
(86, 1, 'php', '%type: @message in %function (line %line of %file) @backtrace_string.', 0x[encoded data, 11016 characters], 3, '', 'https://ictm2023.isser.edu.gh/admin/config/development/performance', 'https://ictm2023.isser.edu.gh/admin/config', '41.215.171.100', 1681648365),
(87, 1, 'php', '%type: @message in %function (line %line of %file) @backtrace_string.', 0x[encoded data, 13172 characters], 7, '', 'https://ictm2023.isser.edu.gh/admin/config/development/performance', 'https://ictm2023.isser.edu.gh/admin/config/development/performance', '41.215.171.100', 1681649762),
(88, 1, 'php', '%type: @message in %function (line %line of %file) @backtrace_string.', 0x[encoded data, 13172 characters], 7, '', 'https://ictm2023.isser.edu.gh/admin/config/development/performance', 'https://ictm2023.isser.edu.gh/admin/config/development/performance', '41.215.171.100', 1681649762);
INSERT INTO `watchdog` (`wid`, `uid`, `type`, `message`, `variables`, `severity`, `link`, `location`, `referer`, `hostname`, `timestamp`) VALUES
(89, 1, 'php', '%type: @message in %function (line %line of %file) @backtrace_string.', 0x[encoded data, 13172 characters], 7, '', 'https://ictm2023.isser.edu.gh/admin/config/development/performance', 'https://ictm2023.isser.edu.gh/admin/config/development/performance', '41.215.171.100', 1681649762),
(90, 1, 'php', '%type: @message in %function (line %line of %file) @backtrace_string.', 0x[encoded data, 13172 characters], 7, '', 'https://ictm2023.isser.edu.gh/admin/config/development/performance', 'https://ictm2023.isser.edu.gh/admin/config/development/performance', '41.215.171.100', 1681649762),
(91, 1, 'php', '%type: @message in %function (line %line of %file) @backtrace_string.', 0x[encoded data, 13172 characters], 7, '', 'https://ictm2023.isser.edu.gh/admin/config/development/performance', 'https://ictm2023.isser.edu.gh/admin/config/development/performance', '41.215.171.100', 1681649762);
INSERT INTO `watchdog` (`wid`, `uid`, `type`, `message`, `variables`, `severity`, `link`, `location`, `referer`, `hostname`, `timestamp`) VALUES
(92, 1, 'php', '%type: @message in %function (line %line of %file) @backtrace_string.', 0x[encoded data, 13172 characters], 7, '', 'https://ictm2023.isser.edu.gh/admin/config/development/performance', 'https://ictm2023.isser.edu.gh/admin/config/development/performance', '41.215.171.100', 1681649762),
(93, 1, 'php', '%type: @message in %function (line %line of %file) @backtrace_string.', 0x[encoded data, 13172 characters], 7, '', 'https://ictm2023.isser.edu.gh/admin/config/development/performance', 'https://ictm2023.isser.edu.gh/admin/config/development/performance', '41.215.171.100', 1681649762),
(94, 1, 'php', '%type: @message in %function (line %line of %file) @backtrace_string.', 0x[encoded data, 13172 characters], 7, '', 'https://ictm2023.isser.edu.gh/admin/config/development/performance', 'https://ictm2023.isser.edu.gh/admin/config/development/performance', '41.215.171.100', 1681649762);
INSERT INTO `watchdog` (`wid`, `uid`, `type`, `message`, `variables`, `severity`, `link`, `location`, `referer`, `hostname`, `timestamp`) VALUES
(95, 1, 'php', '%type: @message in %function (line %line of %file) @backtrace_string.', 0x[encoded data, 13172 characters], 7, '', 'https://ictm2023.isser.edu.gh/admin/config/development/performance', 'https://ictm2023.isser.edu.gh/admin/config/development/performance', '41.215.171.100', 1681649762),
(96, 1, 'php', '%type: @message in %function (line %line of %file) @backtrace_string.', 0x[encoded data, 13172 characters], 7, '', 'https://ictm2023.isser.edu.gh/admin/config/development/performance', 'https://ictm2023.isser.edu.gh/admin/config/development/performance', '41.215.171.100', 1681649762),
(97, 1, 'php', '%type: @message in %function (line %line of %file).', 0x[encoded data, 18580 characters], 3, '', 'https://ictm2023.isser.edu.gh/', 'https://ictm2023.isser.edu.gh/admin/config/development/performance', '41.215.171.100', 1681649767);
INSERT INTO `watchdog` (`wid`, `uid`, `type`, `message`, `variables`, `severity`, `link`, `location`, `referer`, `hostname`, `timestamp`) VALUES
(98, 1, 'php', '%type: @message in %function (line %line of %file).', 0x[encoded data, 18580 characters], 3, '', 'https://ictm2023.isser.edu.gh/', 'https://ictm2023.isser.edu.gh/admin/config/development/performance', '41.215.171.100', 1681649767),
(99, 1, 'php', '%type: @message in %function (line %line of %file).', 0x[encoded data, 18580 characters], 3, '', 'https://ictm2023.isser.edu.gh/', 'https://ictm2023.isser.edu.gh/admin/config/development/maintenance', '41.215.171.100', 1681649797);
INSERT INTO `watchdog` (`wid`, `uid`, `type`, `message`, `variables`, `severity`, `link`, `location`, `referer`, `hostname`, `timestamp`) VALUES
(100, 0, 'php', '%type: @message in %function (line %line of %file).', 0x[encoded data, 18998 characters], 3, '', 'https://ictm2023.isser.edu.gh/user/login', '', '41.215.171.100', 1681649852),
(101, 0, 'php', '%type: @message in %function (line %line of %file).', 0x[encoded data, 18998 characters], 3, '', 'https://ictm2023.isser.edu.gh/user/login', '', '41.215.171.100', 1681649911);
INSERT INTO `watchdog` (`wid`, `uid`, `type`, `message`, `variables`, `severity`, `link`, `location`, `referer`, `hostname`, `timestamp`) VALUES
(102, 0, 'php', '%type: @message in %function (line %line of %file).', 0x[encoded data, 19012 characters], 3, '', 'https://ictm2023.isser.edu.gh/', '', '41.215.171.100', 1681649919),
(103, 0, 'php', '%type: @message in %function (line %line of %file) @backtrace_string.', 0x[encoded data, 13604 characters], 7, '', 'https://ictm2023.isser.edu.gh/', '', '41.215.171.100', 1681650075),
(104, 0, 'php', '%type: @message in %function (line %line of %file) @backtrace_string.', 0x[encoded data, 13604 characters], 7, '', 'https://ictm2023.isser.edu.gh/', '', '41.215.171.100', 1681650075);
