INSERT INTO `batch` (`bid`, `token`, `timestamp`, `batch`) VALUES
(496, 'EyThnTD2BHlOHlGUeYSljesRrPv9gFkBA_m4ntXZG-E', 1504693657, 0x[encoded data, 243650 characters]);

-- --------------------------------------------------------

--
-- Table structure for table `block_content`
--

CREATE TABLE `block_content` (
  `id` int(10) UNSIGNED NOT NULL,
  `revision_id` int(10) UNSIGNED DEFAULT NULL,
  `type` varchar(32) CHARACTER SET ascii COLLATE ascii_general_ci NOT NULL COMMENT 'The ID of the target entity.',
  `uuid` varchar(128) CHARACTER SET ascii COLLATE ascii_general_ci NOT NULL,
  `langcode` varchar(12) CHARACTER SET ascii COLLATE ascii_general_ci NOT NULL
) ENGINE=InnoDB DEFAULT CHARSET=utf8mb4 COLLATE=utf8mb4_general_ci COMMENT='The base table for block_content entities.';

--
-- Dumping data for table `block_content`
--

INSERT INTO `block_content` (`id`, `revision_id`, `type`, `uuid`, `langcode`) VALUES
(1, 1, 'mt_tabs_block', 'ef75ff4d-5049-4e15-91f2-89e64289799e', 'en'),
(3, 3, 'basic', '77bbdaf0-f40e-46e6-9ecf-f4cb3eb9f644', 'en'),
(4, 4, 'basic', '2054bf17-957d-43d6-a736-6b7ac3ba0f2f', 'en'),
(5, 5, 'basic', '5e872ebe-f221-48b5-8dbf-041d40eecc43', 'en'),
(8, 8, 'basic', '5c386222-a853-46e7-b120-1d96242be928', 'en'),
(9, 9, 'basic', 'fae21d9e-1b0b-418f-b1a1-e4f297688838', 'en'),
(10, 10, 'basic', '0ef8f91f-f10d-46fd-a067-9ce0d1ac1f2a', 'en'),
(12, 12, 'basic', 'bf813f9f-c73e-4d44-a9ff-c771b0c704f3', 'en'),
(13, 13, 'basic', '8446f152-667e-4f86-8722-565b31753297', 'en'),
(14, 14, 'basic', '0839439a-2bae-48e4-872e-6ff169998482', 'en'),
(15, 15, 'mt_fancy_tabs_block', 'b6daebc0-8794-4969-94ad-88857e3749e6', 'en'),
(16, 16, 'basic', '1ff2a34d-0b1e-4d66-963b-78c08bf57aaa', 'en'),
(17, 17, 'basic', '14d16969-6207-4173-82a4-bbc2e6eef6a2', 'en'),
(18, 18, 'basic', 'd4a7f7e5-a159-4436-91e3-09d3aabdfff8', 'en'),
(19, 19, 'basic', '01709e04-065c-478c-9e73-863194306720', 'en'),
(20, 20, 'basic', '47385a7c-dff7-4f4a-8225-37b53a37da3d', 'en'),
(21, 21, 'basic', '1f5fa21d-094d-4e89-abf6-07aa1e532066', 'en'),
(24, 24, 'mt_fancy_linked_images_block', '2c242b3c-5f08-49b5-9943-898d1f992ced', 'en'),
(25, 25, 'basic', '8ab31d99-575f-4229-8ec8-989daa3f2dfb', 'en'),
(28, 28, 'basic', 'b467900a-1ff8-40ea-a8b0-2de331243735', 'en'),
(29, 29, 'basic', 'd483c5ac-2ead-403b-ab10-4ede5f991371', 'en'),
(30, 30, 'basic', 'a9b55ad4-dbf3-4c01-a3e6-01f1f2ca7d97', 'en'),
(31, 31, 'basic', '9acb6453-8126-426b-88ec-d750288e958c', 'en'),
(34, 34, 'basic', '78f50698-8922-4e4c-ade4-531c59340958', 'en'),
(35, 35, 'mt_google_maps', '3a7d6304-c55c-48d0-a559-ee212ac34069', 'en'),
(38, 38, 'basic', '2f082cb7-167a-4837-b03e-7c523b059c9c', 'en'),
(39, 39, 'basic', '484e39d9-79e3-484e-9855-6b935d61bd03', 'en'),
(40, 40, 'mt_nodes_slideshow_block', '2ee07bbe-2afe-47d2-b802-21a37c39ea92', 'en'),
(41, 41, 'basic', '0524307c-2048-42b8-833e-fe424b730597', 'en'),
(42, 42, 'basic', 'a007890a-a321-4ab4-84f1-049b7b98801c', 'en'),
(43, 43, 'basic', '4c4c2a42-eadb-45b6-bd73-b66c8ae3bcf3', 'en'),
(44, 44, 'mt_media_tabs_block', '735a20a1-935e-461e-8ddf-5a4fdc521f23', 'en'),
(45, 45, 'mt_fltt_block', 'e063c791-93fb-43c0-a379-811a3a29ccc8', 'en'),
(46, 46, 'basic', '47ac0b15-76b8-42ad-b349-f76c80485472', 'en'),
(47, 47, 'basic', '289e95e0-6f1d-40f8-961a-fe8a21410288', 'en'),
(48, 48, 'mt_main_slideshow_block', 'b2f629fe-21d9-4f21-b60a-3f820c8be0a9', 'en'),
(49, 49, 'mt_video_gallery_block', '06367e41-b90b-4fdc-8dac-d2f2de5da572', 'en'),
(50, 50, 'basic', 'ac329bb8-6f7c-4394-90aa-c4dbcdff8764', 'en'),
(51, 51, 'basic', 'd3c5868b-e0ca-43fd-9e80-828ad308eea5', 'en'),
(52, 52, 'mt_background_image_block', 'f80a84a8-6e49-4b3c-a2a8-2dec831316dc', 'en'),
(53, 53, 'basic', '21239a24-9067-424a-a412-2bc4c38d3b07', 'en'),
(54, 54, 'mt_background_image_block', '304c9d2f-87b7-4220-aa9a-cc1522ea0dd7', 'en'),
(55, 55, 'basic', 'c14bd468-befe-4f30-a142-81ace2726783', 'en'),
(57, 57, 'basic', 'b881398c-7d2f-4579-9930-9300538bd2aa', 'en'),
(58, 58, 'mt_background_image_block', 'e0a56362-68eb-45ec-8e2f-feefbf1e35d8', 'en'),
(59, 59, 'mt_dropdowns_block', '18dc1432-7c77-4b0b-b804-5bd46ab9769a', 'en'),
(73, 73, 'basic', 'eb34fbf2-b05a-462a-bb6d-0d71197be193', 'en'),
(74, 74, 'basic', 'af6f94ee-1e69-4b04-b8e0-aa57e603e25c', 'en'),
(75, 75, 'basic', '30cd384d-66e1-462a-b606-9af85d356ef1', 'en'),
(76, 76, 'basic', 'e2f49ac6-d59a-4baa-aa3e-2f7fd2077b52', 'en'),
(77, 77, 'mt_if_block', '86c8a961-7cb4-48cb-958f-950bcb782f32', 'en'),
(78, 78, 'mt_background_video_block', '1095b191-b590-4db3-8021-af3b7bc02bb9', 'en'),
(79, 79, 'basic', '75233cc9-f9ab-4278-b3a5-3ac326245760', 'en'),
(80, 80, 'basic', '72c169d2-45c6-40c2-82e4-4f0f6f243331', 'en'),
(82, 82, 'basic', '31d21c04-eb31-438b-8730-00c9e7511dd7', 'en'),
(83, 83, 'basic', 'a5cb88c7-1d51-405a-b911-2ea49042a47f', 'en'),
(84, 84, 'basic', '56181db7-a452-44b8-bca5-8cf9de50ed1c', 'en'),
(85, 85, 'basic', '4afd36a9-3c0d-4d0e-b120-cd814ff11504', 'en'),
(86, 86, 'mt_collapsible_block', '2d618db5-2ef3-4607-b59e-6c41f4dae031', 'en'),
(87, 87, 'basic', '33c8086b-30a4-4b72-b741-df3e1ce3594d', 'en'),
(88, 88, 'basic', '165f7847-15c7-4a04-9acf-8765861ca9a1', 'en'),
(89, 89, 'basic', '4f4b24e9-dc8d-4886-80d4-f88a6951c2e1', 'en'),
(90, 90, 'mt_background_image_block', '2097ae93-a297-410b-acc6-d59748d40e90', 'en'),
(91, 91, 'basic', 'a6c786ea-831a-4420-bbdc-4257c37aacd4', 'en'),
(92, 92, 'mt_typing_animation_block', '24e5856d-18c2-4676-bdd8-d4864a4bef39', 'en'),
(93, 93, 'mt_timeline_block', 'd9b4a11a-f5d2-4a65-a0ae-daea2c7f0b0a', 'en'),
(94, 94, 'mt_tabs_block', '66f70a0f-8643-4142-9e65-18b27e2e59d4', 'en'),
(95, 95, 'basic', '777da137-efb6-4b98-a65c-1efdb5ebd6ec', 'en'),
(96, 96, 'mt_if_block', '64c7c159-c508-4191-b661-05ea9107cdd5', 'en');

-- --------------------------------------------------------

--
-- Table structure for table `block_content_field_data`
--

CREATE TABLE `block_content_field_data` (
  `id` int(10) UNSIGNED NOT NULL,
  `revision_id` int(10) UNSIGNED NOT NULL,
  `type` varchar(32) CHARACTER SET ascii COLLATE ascii_general_ci NOT NULL COMMENT 'The ID of the target entity.',
  `langcode` varchar(12) CHARACTER SET ascii COLLATE ascii_general_ci NOT NULL,
  `info` varchar(255) DEFAULT NULL,
  `changed` int(11) DEFAULT NULL,
  `revision_translation_affected` tinyint(4) DEFAULT NULL,
  `default_langcode` tinyint(4) NOT NULL,
  `status` tinyint(4) NOT NULL,
  `reusable` tinyint(4) DEFAULT NULL
) ENGINE=InnoDB DEFAULT CHARSET=utf8mb4 COLLATE=utf8mb4_general_ci COMMENT='The data table for block_content entities.';

--
-- Dumping data for table `block_content_field_data`
--

INSERT INTO `block_content_field_data` (`id`, `revision_id`, `type`, `langcode`, `info`, `changed`, `revision_translation_affected`, `default_langcode`, `status`, `reusable`) VALUES
(1, 1, 'mt_tabs_block', 'en', 'Sidebar tabs', 1507899001, 1, 1, 1, 1),
(3, 3, 'basic', 'en', 'Copyright', 1515063628, 1, 1, 1, 1),
(4, 4, 'basic', 'en', 'Social Bookmarks', 1521726119, 1, 1, 1, 1),
(5, 5, 'basic', 'en', 'Block with image', 1513857350, 1, 1, 1, 1),
(8, 8, 'basic', 'en', 'Contact Info', 1517317155, 1, 1, 1, 1),
(9, 9, 'basic', 'en', 'Generic Block', 1517316067, 1, 1, 1, 1),
(10, 10, 'basic', 'en', 'Info text', 1468598234, 1, 1, 1, 1),
(12, 12, 'basic', 'en', 'Credit Cards', 1516970686, 1, 1, 1, 1),
(13, 13, 'basic', 'en', 'Sign Up For Text Alerts', 1471889296, 1, 1, 1, 1),
(14, 14, 'basic', 'en', 'Subscribe', 1521546385, 1, 1, 1, 1),
(15, 15, 'mt_fancy_tabs_block', 'en', 'Front Page tabs', 1507898731, 1, 1, 1, 1),
(16, 16, 'basic', 'en', 'Popular Sales (Static)', 1517312803, 1, 1, 1, 1),
(17, 17, 'basic', 'en', 'Icons (subfooter)', 1513857459, 1, 1, 1, 1),
(18, 18, 'basic', 'en', 'Social Media', 1513857485, 1, 1, 1, 1),
(19, 19, 'basic', 'en', 'Connect with us via social media', 1516970395, 1, 1, 1, 1),
(20, 20, 'basic', 'en', 'Contact Info (header top)', 1507900159, 1, 1, 1, 1),
(21, 21, 'basic', 'en', 'Fancy block', 1513857520, 1, 1, 1, 1),
(24, 24, 'mt_fancy_linked_images_block', 'en', 'Fancy linked images', 1519147352, 1, 1, 1, 1),
(25, 25, 'basic', 'en', 'Contact Details', 1517326979, 1, 1, 1, 1),
(28, 28, 'basic', 'en', 'Announcement', 1480512027, 1, 1, 1, 1),
(29, 29, 'basic', 'en', 'Footer custom site branding', 1517327104, 1, 1, 1, 1),
(30, 30, 'basic', 'en', 'Products Layout Switcher (Grid active)', 1520532718, 1, 1, 1, 1),
(31, 31, 'basic', 'en', 'Products Layout Switcher (List Active)', 1522342405, 1, 1, 1, 1),
(34, 34, 'basic', 'en', 'Text blocks', 1516873815, 1, 1, 1, 1),
(35, 35, 'mt_google_maps', 'en', 'Google map - Banner', 1496415685, 1, 1, 1, 1),
(38, 38, 'basic', 'en', 'Buy a ticket', 1515089034, 1, 1, 1, 1),
(39, 39, 'basic', 'en', 'Call to action', 1681821504, 1, 1, 1, 1),
(40, 40, 'mt_nodes_slideshow_block', 'en', 'See a full list of the services we can provide', 1478279261, 1, 1, 1, 1),
(41, 41, 'basic', 'en', 'Highlights', 1506086173, 1, 1, 1, 1),
(42, 42, 'basic', 'en', 'Our Newsletter', 1517327179, 1, 1, 1, 1),
(43, 43, 'basic', 'en', 'Contact Info (footer top)', 1517327215, 1, 1, 1, 1),
(44, 44, 'mt_media_tabs_block', 'en', 'Media Tab', 1506082869, 1, 1, 1, 1),
(45, 45, 'mt_fltt_block', 'en', 'Why Me?', 1512750083, 1, 1, 1, 1),
(46, 46, 'basic', 'en', 'Contact Info (Header)', 1516988856, 1, 1, 1, 1),
(47, 47, 'basic', 'en', 'Contact Info (Slideout)', 1516988997, 1, 1, 1, 1),
(48, 48, 'mt_main_slideshow_block', 'en', 'Slideshow Fullwidth', 1518434763, 1, 1, 1, 1),
(49, 49, 'mt_video_gallery_block', 'en', 'Video Gallery block', 1480423979, 1, 1, 1, 1),
(50, 50, 'basic', 'en', 'Interested in investing with us?', 1520857908, 1, 1, 1, 1),
(51, 51, 'basic', 'en', 'About me', 1517312356, 1, 1, 1, 1),
(52, 52, 'mt_background_image_block', 'en', 'Background image block - CtA', 1515080435, 1, 1, 1, 1),
(53, 53, 'basic', 'en', 'Still have questions?', 1520358592, 1, 1, 1, 1),
(54, 54, 'mt_background_image_block', 'en', 'Call to action 2', 1506069390, 1, 1, 1, 1),
(55, 55, 'basic', 'en', 'Are you looking for a great service?', 1517327370, 1, 1, 1, 1),
(57, 57, 'basic', 'en', 'My Story', 1506010905, 1, 1, 1, 1),
(58, 58, 'mt_background_image_block', 'en', 'Background image block - Clients', 1507900765, 1, 1, 1, 1),
(59, 59, 'mt_dropdowns_block', 'en', 'Header Dropdowns', 1519233059, 1, 1, 1, 1),
(73, 73, 'basic', 'en', 'Language Switcher', 1486117885, 1, 1, 1, 1),
(74, 74, 'basic', 'en', 'Social Links', 1486483362, 1, 1, 1, 1),
(75, 75, 'basic', 'en', 'Footer bottom custom site branding', 1516362384, 1, 1, 1, 1),
(76, 76, 'basic', 'en', 'Social Bookmarks (Footer top)', 1517327458, 1, 1, 1, 1),
(77, 77, 'mt_if_block', 'en', 'Unique Features', 1520414449, 1, 1, 1, 1),
(78, 78, 'mt_background_video_block', 'en', 'Video background block', 1498729912, 1, 1, 1, 1),
(79, 79, 'basic', 'en', 'Features (front page)', 1517312523, 1, 1, 1, 1),
(80, 80, 'basic', 'en', 'Highlights (front page)', 1517327540, 1, 1, 1, 1),
(82, 82, 'basic', 'en', 'Custom site branding', 1513858309, 1, 1, 1, 1),
(83, 83, 'basic', 'en', 'Contact info (footer)', 1516969020, 1, 1, 1, 1),
(84, 84, 'basic', 'en', 'About (footer)', 1518523239, 1, 1, 1, 1),
(85, 85, 'basic', 'en', 'Header Top CtA buttons', 1681820139, 1, 1, 1, 1),
(86, 86, 'mt_collapsible_block', 'en', 'Collapsible block', 1520266463, 1, 1, 1, 1),
(87, 87, 'basic', 'en', 'Contact the conference secretariat', 1517327585, 1, 1, 1, 1),
(88, 88, 'basic', 'en', 'Venue Address', 1517309068, 1, 1, 1, 1),
(89, 89, 'basic', 'en', 'Registration Hours', 1517309122, 1, 1, 1, 1),
(90, 90, 'mt_background_image_block', 'en', 'Background image block - Albums (carousel)', 1522340217, 1, 1, 1, 1),
(91, 91, 'basic', 'en', 'Registration location in the venue', 1517309089, 1, 1, 1, 1),
(92, 92, 'mt_typing_animation_block', 'en', 'Typing Animation', 1681811772, 1, 1, 1, 1),
(93, 93, 'mt_timeline_block', 'en', 'Timeline', 1518683991, 1, 1, 1, 1),
(94, 94, 'mt_tabs_block', 'en', 'Presentation Tabs', 1519988533, 1, 1, 1, 1),
(95, 95, 'basic', 'en', 'Payment methods', 1521563833, 1, 1, 1, 1),
(96, 96, 'mt_if_block', 'en', 'Benefits', 1521738080, 1, 1, 1, 1);

-- --------------------------------------------------------

--
-- Table structure for table `block_content_field_revision`
--

CREATE TABLE `block_content_field_revision` (
  `id` int(10) UNSIGNED NOT NULL,
  `revision_id` int(10) UNSIGNED NOT NULL,
  `langcode` varchar(12) CHARACTER SET ascii COLLATE ascii_general_ci NOT NULL,
  `info` varchar(255) DEFAULT NULL,
  `changed` int(11) DEFAULT NULL,
  `revision_translation_affected` tinyint(4) DEFAULT NULL,
  `default_langcode` tinyint(4) NOT NULL,
  `status` tinyint(4) NOT NULL
) ENGINE=InnoDB DEFAULT CHARSET=utf8mb4 COLLATE=utf8mb4_general_ci COMMENT='The revision data table for block_content entities.';

--
-- Dumping data for table `block_content_field_revision`
--

INSERT INTO `block_content_field_revision` (`id`, `revision_id`, `langcode`, `info`, `changed`, `revision_translation_affected`, `default_langcode`, `status`) VALUES
(1, 1, 'en', 'Sidebar tabs', 1507899001, 1, 1, 1),
(3, 3, 'en', 'Copyright', 1515063628, 1, 1, 1),
(4, 4, 'en', 'Social Bookmarks', 1521726119, 1, 1, 1),
(5, 5, 'en', 'Block with image', 1513857350, 1, 1, 1),
(8, 8, 'en', 'Contact Info', 1517317155, 1, 1, 1),
(9, 9, 'en', 'Generic Block', 1517316067, 1, 1, 1),
(10, 10, 'en', 'Info text', 1468598234, 1, 1, 1),
(12, 12, 'en', 'Credit Cards', 1516970686, 1, 1, 1),
(13, 13, 'en', 'Sign Up For Text Alerts', 1471889296, 1, 1, 1),
(14, 14, 'en', 'Subscribe', 1521546385, 1, 1, 1),
(15, 15, 'en', 'Front Page tabs', 1507898731, 1, 1, 1),
(16, 16, 'en', 'Popular Sales (Static)', 1517312803, 1, 1, 1),
(17, 17, 'en', 'Icons (subfooter)', 1513857459, 1, 1, 1),
(18, 18, 'en', 'Social Media', 1513857485, 1, 1, 1),
(19, 19, 'en', 'Connect with us via social media', 1516970395, 1, 1, 1),
(20, 20, 'en', 'Contact Info (header top)', 1507900159, 1, 1, 1),
(21, 21, 'en', 'Fancy block', 1513857520, 1, 1, 1),
(24, 24, 'en', 'Fancy linked images', 1519147352, 1, 1, 1),
(25, 25, 'en', 'Contact Details', 1517326979, 1, 1, 1),
(28, 28, 'en', 'Announcement', 1480512027, 1, 1, 1),
(29, 29, 'en', 'Footer custom site branding', 1517327104, 1, 1, 1),
(30, 30, 'en', 'Products Layout Switcher (Grid active)', 1520532718, 1, 1, 1),
(31, 31, 'en', 'Products Layout Switcher (List Active)', 1522342405, 1, 1, 1),
(34, 34, 'en', 'Text blocks', 1516873815, 1, 1, 1),
(35, 35, 'en', 'Google map - Banner', 1496415685, 1, 1, 1),
(38, 38, 'en', 'Buy a ticket', 1515089034, 1, 1, 1),
(39, 39, 'en', 'Call to action', 1681821504, 1, 1, 1),
(40, 40, 'en', 'See a full list of the services we can provide', 1478279261, 1, 1, 1),
(41, 41, 'en', 'Highlights', 1506086173, 1, 1, 1),
(42, 42, 'en', 'Our Newsletter', 1517327179, 1, 1, 1),
(43, 43, 'en', 'Contact Info (footer top)', 1517327215, 1, 1, 1),
(44, 44, 'en', 'Media Tab', 1506082869, 1, 1, 1),
(45, 45, 'en', 'Why Me?', 1512750083, 1, 1, 1),
(46, 46, 'en', 'Contact Info (Header)', 1516988856, 1, 1, 1),
(47, 47, 'en', 'Contact Info (Slideout)', 1516988997, 1, 1, 1),
(48, 48, 'en', 'Slideshow Fullwidth', 1518434763, 1, 1, 1),
(49, 49, 'en', 'Video Gallery block', 1480423979, 1, 1, 1),
(50, 50, 'en', 'Interested in investing with us?', 1520857908, 1, 1, 1),
(51, 51, 'en', 'About me', 1517312356, 1, 1, 1),
(52, 52, 'en', 'Background image block - CtA', 1515080435, 1, 1, 1),
(53, 53, 'en', 'Still have questions?', 1520358592, 1, 1, 1),
(54, 54, 'en', 'Call to action 2', 1506069390, 1, 1, 1),
(55, 55, 'en', 'Are you looking for a great service?', 1517327370, 1, 1, 1),
(57, 57, 'en', 'My Story', 1506010905, 1, 1, 1),
(58, 58, 'en', 'Background image block - Clients', 1507900765, 1, 1, 1),
(59, 59, 'en', 'Header Dropdowns', 1519233059, 1, 1, 1),
(73, 73, 'en', 'Language Switcher', 1486117885, 1, 1, 1),
(74, 74, 'en', 'Social Links', 1486483362, 1, 1, 1),
(75, 75, 'en', 'Footer bottom custom site branding', 1516362384, 1, 1, 1),
(76, 76, 'en', 'Social Bookmarks (Footer top)', 1517327458, 1, 1, 1),
(77, 77, 'en', 'Unique Features', 1520414449, 1, 1, 1),
(78, 78, 'en', 'Video background block', 1498729912, 1, 1, 1),
(79, 79, 'en', 'Features (front page)', 1517312523, 1, 1, 1),
(80, 80, 'en', 'Highlights (front page)', 1517327540, 1, 1, 1),
(82, 82, 'en', 'Custom site branding', 1513858309, 1, 1, 1),
(83, 83, 'en', 'Contact info (footer)', 1516969020, 1, 1, 1),
(84, 84, 'en', 'About (footer)', 1518523239, 1, 1, 1),
(85, 85, 'en', 'Header Top CtA buttons', 1681820139, 1, 1, 1),
(86, 86, 'en', 'Collapsible block', 1520266463, 1, 1, 1),
(87, 87, 'en', 'Contact the conference secretariat', 1517327585, 1, 1, 1),
(88, 88, 'en', 'Venue Address', 1517309068, 1, 1, 1),
(89, 89, 'en', 'Registration Hours', 1517309122, 1, 1, 1),
(90, 90, 'en', 'Background image block - Albums (carousel)', 1522340217, 1, 1, 1),
(91, 91, 'en', 'Registration location in the venue', 1517309089, 1, 1, 1),
(92, 92, 'en', 'Typing Animation', 1681811772, 1, 1, 1),
(93, 93, 'en', 'Timeline', 1518683991, 1, 1, 1),
(94, 94, 'en', 'Presentation Tabs', 1519988533, 1, 1, 1),
(95, 95, 'en', 'Payment methods', 1521563833, 1, 1, 1),
(96, 96, 'en', 'Benefits', 1521738080, 1, 1, 1);

-- --------------------------------------------------------

--
-- Table structure for table `block_content_revision`
--

CREATE TABLE `block_content_revision` (
  `id` int(10) UNSIGNED NOT NULL,
  `revision_id` int(10) UNSIGNED NOT NULL,
  `langcode` varchar(12) CHARACTER SET ascii COLLATE ascii_general_ci NOT NULL,
  `revision_log` longtext DEFAULT NULL,
  `revision_created` int(11) DEFAULT NULL,
  `revision_user` int(10) UNSIGNED DEFAULT NULL COMMENT 'The ID of the target entity.',
  `revision_default` tinyint(4) DEFAULT NULL
) ENGINE=InnoDB DEFAULT CHARSET=utf8mb4 COLLATE=utf8mb4_general_ci COMMENT='The revision table for block_content entities.';

--
-- Dumping data for table `block_content_revision`
--

INSERT INTO `block_content_revision` (`id`, `revision_id`, `langcode`, `revision_log`, `revision_created`, `revision_user`, `revision_default`) VALUES
(1, 1, 'en', NULL, NULL, NULL, 1),
(3, 3, 'en', NULL, NULL, NULL, 1),
(4, 4, 'en', NULL, NULL, NULL, 1),
(5, 5, 'en', NULL, NULL, NULL, 1),
(8, 8, 'en', NULL, NULL, NULL, 1),
(9, 9, 'en', NULL, NULL, NULL, 1),
(10, 10, 'en', NULL, NULL, NULL, 1),
(12, 12, 'en', NULL, NULL, NULL, 1),
(13, 13, 'en', NULL, NULL, NULL, 1),
(14, 14, 'en', NULL, NULL, NULL, 1),
(15, 15, 'en', NULL, NULL, NULL, 1),
(16, 16, 'en', NULL, NULL, NULL, 1),
(17, 17, 'en', NULL, NULL, NULL, 1),
(18, 18, 'en', NULL, NULL, NULL, 1),
(19, 19, 'en', NULL, NULL, NULL, 1),
(20, 20, 'en', NULL, NULL, NULL, 1),
(21, 21, 'en', NULL, NULL, NULL, 1),
(24, 24, 'en', NULL, NULL, NULL, 1),
(25, 25, 'en', NULL, NULL, NULL, 1),
(28, 28, 'en', NULL, NULL, NULL, 1),
(29, 29, 'en', NULL, NULL, NULL, 1),
(30, 30, 'en', NULL, NULL, NULL, 1),
(31, 31, 'en', NULL, NULL, NULL, 1),
(34, 34, 'en', NULL, 1475695702, 1, 1),
(35, 35, 'en', NULL, 1476896345, 1, 1),
(38, 38, 'en', NULL, 1478174564, 1, 1),
(39, 39, 'en', NULL, 1478179650, 1, 1),
(40, 40, 'en', NULL, 1478204410, 1, 1),
(41, 41, 'en', NULL, 1478244577, 1, 1),
(42, 42, 'en', NULL, 1478265982, 1, 1),
(43, 43, 'en', NULL, 1478272604, 1, 1),
(44, 44, 'en', NULL, 1478622671, 1, 1),
(45, 45, 'en', NULL, 1479316482, 1, 1),
(46, 46, 'en', NULL, 1479732353, 1, 1),
(47, 47, 'en', NULL, 1479749981, 1, 1),
(48, 48, 'en', NULL, 1479923268, 1, 1),
(49, 49, 'en', NULL, 1480420339, 1, 1),
(50, 50, 'en', NULL, 1480592538, 1, 1),
(51, 51, 'en', NULL, 1484653861, 1, 1),
(52, 52, 'en', NULL, 1484733033, 1, 1),
(53, 53, 'en', NULL, 1484900773, 1, 1),
(54, 54, 'en', NULL, 1484901066, 1, 1),
(55, 55, 'en', NULL, 1485360717, 1, 1),
(57, 57, 'en', NULL, 1485448921, 1, 1),
(58, 58, 'en', NULL, 1485544173, 1, 1),
(59, 59, 'en', NULL, 1485777533, 1, 1),
(73, 73, 'en', NULL, 1486116779, 1, 1),
(74, 74, 'en', NULL, 1486470868, 1, 1),
(75, 75, 'en', NULL, 1486475715, 1, 1),
(76, 76, 'en', NULL, 1497350232, NULL, 1),
(77, 77, 'en', NULL, 1498040780, NULL, 1),
(78, 78, 'en', NULL, 1498660588, NULL, 1),
(79, 79, 'en', NULL, 1506524211, NULL, 1),
(80, 80, 'en', NULL, 1506531400, NULL, 1),
(82, 82, 'en', NULL, 1507622832, NULL, 1),
(83, 83, 'en', NULL, 1508930223, NULL, 1),
(84, 84, 'en', NULL, 1509453602, NULL, 1),
(85, 85, 'en', NULL, 1509540324, NULL, 1),
(86, 86, 'en', NULL, 1509647852, NULL, 1),
(87, 87, 'en', NULL, 1512742658, NULL, 1),
(88, 88, 'en', NULL, 1512742799, NULL, 1),
(89, 89, 'en', NULL, 1512743093, NULL, 1),
(90, 90, 'en', NULL, 1515084401, NULL, 1),
(91, 91, 'en', NULL, 1516192294, NULL, 1),
(92, 92, 'en', NULL, 1518191285, NULL, 1),
(93, 93, 'en', NULL, 1518447646, NULL, 1),
(94, 94, 'en', NULL, 1519988516, NULL, 1),
(95, 95, 'en', NULL, 1521563640, NULL, 1),
(96, 96, 'en', NULL, 1521738021, NULL, 1);

-- --------------------------------------------------------

--
